{"id":173,"date":"2016-08-04T15:13:05","date_gmt":"2016-08-04T13:13:05","guid":{"rendered":"https:\/\/www.region-peiner-land.de\/?page_id=173"},"modified":"2018-07-04T09:43:56","modified_gmt":"2018-07-04T07:43:56","slug":"weitere-gremien","status":"publish","type":"page","link":"https:\/\/www.region-peiner-land.de\/index.php\/weitere-gremien\/","title":{"rendered":"Weitere Gremien"},"content":{"rendered":"<section class=\"wpb-content-wrapper\"><p>[vc_row full_width=&#8221;stretch_row_content_no_spaces&#8221;][vc_column][vc_column_text]<div id=\"metaslider-id-216\" style=\"width: 100%;\" class=\"ml-slider-3-108-0 metaslider metaslider-flex metaslider-216 ml-slider ms-theme-default nav-hidden\" role=\"region\" aria-label=\"1.6\tFortbildung\" data-height=\"400\" data-width=\"2200\">\n    <div id=\"metaslider_container_216\">\n        <div id=\"metaslider_216\">\n            <ul class='slides'>\n                <li style=\"display: block; width: 100%;\" class=\"slide-1960 ms-image \" aria-roledescription=\"slide\" data-date=\"2018-02-28 11:09:15\" data-filename=\"141125_LAG-Strukturen-und-Inhalte_IMG_7652-1.jpg\" data-slide-type=\"image\"><img loading=\"lazy\" decoding=\"async\" src=\"https:\/\/www.region-peiner-land.de\/wp-content\/uploads\/141125_LAG-Strukturen-und-Inhalte_IMG_7652-1.jpg\" height=\"400\" width=\"2200\" alt=\"\" class=\"slider-216 slide-1960 msDefaultImage\" \/><\/li>\n            <\/ul>\n        <\/div>\n        \n    <\/div>\n<\/div>[\/vc_column_text][\/vc_column][\/vc_row][vc_row][vc_column width=&#8221;1\/4&#8243;][vc_column_text]<\/p>\n<div class=\"content-out\">\n<div class=\"content-list\"><a style=\"text-decoration: none;\" href=\"\/index.php\/leader\/\">Leader<\/a><\/div>\n<div class=\"content-border\"><\/div>\n<div class=\"content-list\"><a style=\"text-decoration: none;\" href=\"\/index.php\/was-ist-leader\/\">Was ist LEADER?<\/a><\/div>\n<div class=\"content-border\"><\/div>\n<div class=\"content-list\"><a style=\"text-decoration: none;\" href=\"\/index.php\/rek\/\">REK Peiner Land<\/a><\/div>\n<div class=\"content-border\"><\/div>\n<div class=\"content-list\"><a style=\"text-decoration: none;\" href=\"\/index.php\/lokale-aktionsgruppe-lag\/\">Lokale Aktionsgruppe (LAG)<\/a><\/div>\n<div class=\"content-border\"><\/div>\n<div class=\"content-list\"><a style=\"text-decoration: none;\" href=\"\/index.php\/von-der-projektidee-zur-umsetzung\/\">Von der Projektidee zur Umsetzung<\/a><\/div>\n<div class=\"content-border\"><\/div>\n<div class=\"content-list active-menu-left\"><a style=\"text-decoration: none;\" href=\"\/index.php\/weitere-gremien\/\">Weitere Gremien<\/a><\/div>\n<\/div>\n<p>[\/vc_column_text][\/vc_column][vc_column width=&#8221;3\/4&#8243;][vc_raw_js]JTNDZGl2JTIwY2xhc3MlM0QlMjJjb250YWN0LWhlYWRlci1pbmxpbmUtYXJvdW5kJTIyJTNFJTBBJTNDZGl2JTIwY2xhc3MlM0QlMjJjb250YWN0LWhlYWRlci1pbmxpbmUtNSUyMiUzRSUzQ2ElMjBocmVmJTNEJTIyamF2YXNjcmlwdCUzQXdpbmRvdy5wcmludCUyOCUyOSUyMiUzRSUzQ2ltZyUyMHNyYyUzRCUyMmh0dHBzJTNBJTJGJTJGcmVnaW9uLXBlaW5lci1sYW5kLmRlJTJGd3AtY29udGVudCUyRnVwbG9hZHMlMkZwcmludC1idXR0b24tYmx1ZS1lMTUxOTgyMTA3MDg5MS5wbmclMjIlMjBhbHQlM0QlMjJTZWl0ZSUyMGRydWNrZW4lMjIlMjBpZCUzRCUyMnByaW50LWJ1dHRvbiUyMiUyMCUyRiUzRSUzQyUyRmElM0UlM0MlMkZkaXYlM0UlMEElM0MlMkZkaXYlM0U=[\/vc_raw_js][vc_column_text css=&#8221;.vc_custom_1523952274649{margin-top: 10px !important;}&#8221;]<\/p>\n<h1>Weitere Gremien<\/h1>\n<h2>Arbeitsgruppe Energiewende<\/h2>\n<p>Die Arbeitsgruppe Energiewende wurde w\u00e4hrend der ILE-F\u00f6rderungsperiode am 01.12.2011 gegr\u00fcndet. Sie setzt ihre Arbeit w\u00e4hrend der aktuellen LEADER-F\u00f6rderperiode fort. Die Arbeitsgruppe setzt sich zusammen aus Vertretern der Kommunen, der LAG, der Klimaschutzagentur Hildesheim-Peine und dem Masterplan-Management 100\u00a0% Klimaschutz beim Regionalverband Gro\u00dfraum Braunschweig. Im Vordergrund ihrer Arbeit stehen vor allem der Erfahrungsaustausch und F\u00f6rderm\u00f6glichkeiten. Zudem werden aktuelle Themen, Projekten und Erfahrungen diskutiert und damit eine Basis f\u00fcr effiziente Zusammenarbeit der Kommunen in Energiethemen geschaffen.<\/p>\n<p>&nbsp;<\/p>\n<h2>Arbeitskreis Interkommunale Zusammenarbeit<\/h2>\n<p>Der Arbeitskreis Interkommunale Zusammenarbeit besteht aus den B\u00fcrgermeisterInnen und deren VertreterInnen der Kommunen der Region Peiner Land. Er entstand als ILE-Lenkungsgruppe im Rahmen der Erstellung des Entwicklungskonzepts im Jahr 2009 und wird bei LEADER weitergef\u00fchrt, um den LEADER-Prozess aktiv aus Kommunalverwaltung heraus zu begleiten. Neben organisatorischen Fragen und M\u00f6glichkeiten der Kofinanzierung von LEADER-Projekten tauschen sich die Kommunen \u00fcber weitere Themen und M\u00f6glichkeiten der interkommunalen Zusammenarbeit aus.[\/vc_column_text][\/vc_column][\/vc_row]<\/p>\n<\/section>","protected":false},"excerpt":{"rendered":"<p>[vc_row full_width=&#8221;stretch_row_content_no_spaces&#8221;][vc_column][vc_column_text][\/vc_column_text][\/vc_column][\/vc_row][vc_row][vc_column width=&#8221;1\/4&#8243;][vc_column_text] Leader Was ist LEADER? REK Peiner Land Lokale Aktionsgruppe (LAG) Von der Projektidee zur Umsetzung Weitere Gremien [\/vc_column_text][\/vc_column][vc_column width=&#8221;3\/4&#8243;][vc_raw_js]JTNDZGl2JTIwY2xhc3MlM0QlMjJjb250YWN0LWhlYWRlci1pbmxpbmUtYXJvdW5kJTIyJTNFJTBBJTNDZGl2JTIwY2xhc3MlM0QlMjJjb250YWN0LWhlYWRlci1pbmxpbmUtNSUyMiUzRSUzQ2ElMjBocmVmJTNEJTIyamF2YXNjcmlwdCUzQXdpbmRvdy5wcmludCUyOCUyOSUyMiUzRSUzQ2ltZyUyMHNyYyUzRCUyMmh0dHBzJTNBJTJGJTJGcmVnaW9uLXBlaW5lci1sYW5kLmRlJTJGd3AtY29udGVudCUyRnVwbG9hZHMlMkZwcmludC1idXR0b24tYmx1ZS1lMTUxOTgyMTA3MDg5MS5wbmclMjIlMjBhbHQlM0QlMjJTZWl0ZSUyMGRydWNrZW4lMjIlMjBpZCUzRCUyMnByaW50LWJ1dHRvbiUyMiUyMCUyRiUzRSUzQyUyRmElM0UlM0MlMkZkaXYlM0UlMEElM0MlMkZkaXYlM0U=[\/vc_raw_js][vc_column_text css=&#8221;.vc_custom_1523952274649{margin-top: 10px !important;}&#8221;] Weitere Gremien Arbeitsgruppe Energiewende Die Arbeitsgruppe Energiewende wurde w\u00e4hrend der ILE-F\u00f6rderungsperiode am 01.12.2011 gegr\u00fcndet. Sie setzt ihre Arbeit w\u00e4hrend der aktuellen LEADER-F\u00f6rderperiode fort. Die Arbeitsgruppe setzt sich zusammen aus Vertretern [&hellip;]<\/p>\n","protected":false},"author":4,"featured_media":0,"parent":0,"menu_order":0,"comment_status":"closed","ping_status":"closed","template":"","meta":{"iawp_total_views":23,"footnotes":""},"class_list":["post-173","page","type-page","status-publish","hentry"],"_links":{"self":[{"href":"https:\/\/www.region-peiner-land.de\/index.php\/wp-json\/wp\/v2\/pages\/173","targetHints":{"allow":["GET"]}}],"collection":[{"href":"https:\/\/www.region-peiner-land.de\/index.php\/wp-json\/wp\/v2\/pages"}],"about":[{"href":"https:\/\/www.region-peiner-land.de\/index.php\/wp-json\/wp\/v2\/types\/page"}],"author":[{"embeddable":true,"href":"https:\/\/www.region-peiner-land.de\/index.php\/wp-json\/wp\/v2\/users\/4"}],"replies":[{"embeddable":true,"href":"https:\/\/www.region-peiner-land.de\/index.php\/wp-json\/wp\/v2\/comments?post=173"}],"version-history":[{"count":27,"href":"https:\/\/www.region-peiner-land.de\/index.php\/wp-json\/wp\/v2\/pages\/173\/revisions"}],"predecessor-version":[{"id":2444,"href":"https:\/\/www.region-peiner-land.de\/index.php\/wp-json\/wp\/v2\/pages\/173\/revisions\/2444"}],"wp:attachment":[{"href":"https:\/\/www.region-peiner-land.de\/index.php\/wp-json\/wp\/v2\/media?parent=173"}],"curies":[{"name":"wp","href":"https:\/\/api.w.org\/{rel}","templated":true}]}}

<section class="wpb-content-wrapper"><p>[vc_row full_width=&#8221;stretch_row_content_no_spaces&#8221;][vc_column][vc_column_text]<div id="metaslider-id-216" style="width: 100%;" class="ml-slider-3-108-0 metaslider metaslider-flex metaslider-216 ml-slider ms-theme-default nav-hidden" role="region" aria-label="1.6	Fortbildung" data-height="400" data-width="2200">
    <div id="metaslider_container_216">
        <div id="metaslider_216">
            <ul class='slides'>
                <li style="display: block; width: 100%;" class="slide-1960 ms-image " aria-roledescription="slide" data-date="2018-02-28 11:09:15" data-filename="141125_LAG-Strukturen-und-Inhalte_IMG_7652-1.jpg" data-slide-type="image"><img loading="lazy" decoding="async" src="https://www.region-peiner-land.de/wp-content/uploads/141125_LAG-Strukturen-und-Inhalte_IMG_7652-1.jpg" height="400" width="2200" alt="" class="slider-216 slide-1960 msDefaultImage" /></li>
            </ul>
        </div>
        
    </div>
</div>[/vc_column_text][/vc_column][/vc_row][vc_row][vc_column width=&#8221;1/4&#8243;][vc_column_text]</p>
<div class="content-out">
<div class="content-list"><a style="text-decoration: none;" href="/index.php/leader/">Leader</a></div>
<div class="content-border"></div>
<div class="content-list"><a style="text-decoration: none;" href="/index.php/was-ist-leader/">Was ist LEADER?</a></div>
<div class="content-border"></div>
<div class="content-list"><a style="text-decoration: none;" href="/index.php/rek/">REK Peiner Land</a></div>
<div class="content-border"></div>
<div class="content-list"><a style="text-decoration: none;" href="/index.php/lokale-aktionsgruppe-lag/">Lokale Aktionsgruppe (LAG)</a></div>
<div class="content-border"></div>
<div class="content-list"><a style="text-decoration: none;" href="/index.php/von-der-projektidee-zur-umsetzung/">Von der Projektidee zur Umsetzung</a></div>
<div class="content-border"></div>
<div class="content-list active-menu-left"><a style="text-decoration: none;" href="/index.php/weitere-gremien/">Weitere Gremien</a></div>
</div>
<p>[/vc_column_text][/vc_column][vc_column width=&#8221;3/4&#8243;][vc_raw_js]JTNDZGl2JTIwY2xhc3MlM0QlMjJjb250YWN0LWhlYWRlci1pbmxpbmUtYXJvdW5kJTIyJTNFJTBBJTNDZGl2JTIwY2xhc3MlM0QlMjJjb250YWN0LWhlYWRlci1pbmxpbmUtNSUyMiUzRSUzQ2ElMjBocmVmJTNEJTIyamF2YXNjcmlwdCUzQXdpbmRvdy5wcmludCUyOCUyOSUyMiUzRSUzQ2ltZyUyMHNyYyUzRCUyMmh0dHBzJTNBJTJGJTJGcmVnaW9uLXBlaW5lci1sYW5kLmRlJTJGd3AtY29udGVudCUyRnVwbG9hZHMlMkZwcmludC1idXR0b24tYmx1ZS1lMTUxOTgyMTA3MDg5MS5wbmclMjIlMjBhbHQlM0QlMjJTZWl0ZSUyMGRydWNrZW4lMjIlMjBpZCUzRCUyMnByaW50LWJ1dHRvbiUyMiUyMCUyRiUzRSUzQyUyRmElM0UlM0MlMkZkaXYlM0UlMEElM0MlMkZkaXYlM0U=[/vc_raw_js][vc_column_text css=&#8221;.vc_custom_1523952274649{margin-top: 10px !important;}&#8221;]</p>
<h1>Weitere Gremien</h1>
<h2>Arbeitsgruppe Energiewende</h2>
<p>Die Arbeitsgruppe Energiewende wurde während der ILE-Förderungsperiode am 01.12.2011 gegründet. Sie setzt ihre Arbeit während der aktuellen LEADER-Förderperiode fort. Die Arbeitsgruppe setzt sich zusammen aus Vertretern der Kommunen, der LAG, der Klimaschutzagentur Hildesheim-Peine und dem Masterplan-Management 100 % Klimaschutz beim Regionalverband Großraum Braunschweig. Im Vordergrund ihrer Arbeit stehen vor allem der Erfahrungsaustausch und Fördermöglichkeiten. Zudem werden aktuelle Themen, Projekten und Erfahrungen diskutiert und damit eine Basis für effiziente Zusammenarbeit der Kommunen in Energiethemen geschaffen.</p>
<p>&nbsp;</p>
<h2>Arbeitskreis Interkommunale Zusammenarbeit</h2>
<p>Der Arbeitskreis Interkommunale Zusammenarbeit besteht aus den BürgermeisterInnen und deren VertreterInnen der Kommunen der Region Peiner Land. Er entstand als ILE-Lenkungsgruppe im Rahmen der Erstellung des Entwicklungskonzepts im Jahr 2009 und wird bei LEADER weitergeführt, um den LEADER-Prozess aktiv aus Kommunalverwaltung heraus zu begleiten. Neben organisatorischen Fragen und Möglichkeiten der Kofinanzierung von LEADER-Projekten tauschen sich die Kommunen über weitere Themen und Möglichkeiten der interkommunalen Zusammenarbeit aus.[/vc_column_text][/vc_column][/vc_row]</p>
</section>

<p>[vc_row full_width=&#8221;stretch_row_content_no_spaces&#8221;][vc_column][vc_column_text][/vc_column_text][/vc_column][/vc_row][vc_row][vc_column width=&#8221;1/4&#8243;][vc_column_text] Leader Was ist LEADER? REK Peiner Land Lokale Aktionsgruppe (LAG) Von der Projektidee zur Umsetzung Weitere Gremien [/vc_column_text][/vc_column][vc_column width=&#8221;3/4&#8243;][vc_raw_js]JTNDZGl2JTIwY2xhc3MlM0QlMjJjb250YWN0LWhlYWRlci1pbmxpbmUtYXJvdW5kJTIyJTNFJTBBJTNDZGl2JTIwY2xhc3MlM0QlMjJjb250YWN0LWhlYWRlci1pbmxpbmUtNSUyMiUzRSUzQ2ElMjBocmVmJTNEJTIyamF2YXNjcmlwdCUzQXdpbmRvdy5wcmludCUyOCUyOSUyMiUzRSUzQ2ltZyUyMHNyYyUzRCUyMmh0dHBzJTNBJTJGJTJGcmVnaW9uLXBlaW5lci1sYW5kLmRlJTJGd3AtY29udGVudCUyRnVwbG9hZHMlMkZwcmludC1idXR0b24tYmx1ZS1lMTUxOTgyMTA3MDg5MS5wbmclMjIlMjBhbHQlM0QlMjJTZWl0ZSUyMGRydWNrZW4lMjIlMjBpZCUzRCUyMnByaW50LWJ1dHRvbiUyMiUyMCUyRiUzRSUzQyUyRmElM0UlM0MlMkZkaXYlM0UlMEElM0MlMkZkaXYlM0U=[/vc_raw_js][vc_column_text css=&#8221;.vc_custom_1523952274649{margin-top: 10px !important;}&#8221;] Weitere Gremien Arbeitsgruppe Energiewende Die Arbeitsgruppe Energiewende wurde während der ILE-Förderungsperiode am 01.12.2011 gegründet. Sie setzt ihre Arbeit während der aktuellen LEADER-Förderperiode fort. Die Arbeitsgruppe setzt sich zusammen aus Vertretern [&hellip;]</p>
