{"id":1756,"date":"2018-02-07T15:26:06","date_gmt":"2018-02-07T14:26:06","guid":{"rendered":"https:\/\/www.region-peiner-land.de\/?page_id=1756"},"modified":"2024-10-28T15:33:03","modified_gmt":"2024-10-28T14:33:03","slug":"geschaeftsstelle","status":"publish","type":"page","link":"https:\/\/www.region-peiner-land.de\/index.php\/geschaeftsstelle\/","title":{"rendered":"Gesch\u00e4ftsstelle"},"content":{"rendered":"<section class=\"wpb-content-wrapper\"><p>[vc_row full_width=&#8221;stretch_row_content_no_spaces&#8221;][vc_column][vc_column_text]<div id=\"metaslider-id-1992\" style=\"width: 100%;\" class=\"ml-slider-3-108-0 metaslider metaslider-flex metaslider-1992 ml-slider ms-theme-default nav-hidden\" role=\"region\" aria-label=\"Gesch\u00e4ftsstelle\" data-height=\"400\" data-width=\"2200\">\n    <div id=\"metaslider_container_1992\">\n        <div id=\"metaslider_1992\">\n            <ul class='slides'>\n                <li style=\"display: block; width: 100%;\" class=\"slide-1994 ms-image \" aria-roledescription=\"slide\" data-date=\"2018-02-28 13:07:32\" data-filename=\"KoRis_IMG_0309.jpg\" data-slide-type=\"image\"><img loading=\"lazy\" decoding=\"async\" src=\"https:\/\/www.region-peiner-land.de\/wp-content\/uploads\/KoRis_IMG_0309.jpg\" height=\"400\" width=\"2200\" alt=\"\" class=\"slider-1992 slide-1994 msDefaultImage\" \/><\/li>\n            <\/ul>\n        <\/div>\n        \n    <\/div>\n<\/div>[\/vc_column_text][\/vc_column][\/vc_row][vc_row][vc_column width=&#8221;1\/4&#8243;][vc_column_text]<\/p>\n<div class=\"content-out\">\n<div class=\"content-list\"><a style=\"text-decoration: none;\" href=\"\/index.php\/ansprech-partner\/\">Ansprechpartner<\/a><\/div>\n<div class=\"content-border\"><\/div>\n<div class=\"content-list\"><a style=\"text-decoration: none;\" href=\"\/index.php\/regional-management\/\">Regionalmanagement<\/a><\/div>\n<div class=\"content-border\"><\/div>\n<div class=\"content-list active-menu-left\"><a style=\"text-decoration: none;\" href=\"\/index.php\/geschaeftsstelle\/\">Gesch\u00e4ftsstelle<\/a><\/div>\n<div class=\"content-border\"><\/div>\n<div class=\"content-list\"><a style=\"text-decoration: none;\" href=\"\/index.php\/ansprechpartner-arl\/\">ARL<\/a><\/div>\n<div class=\"content-border\"><\/div>\n<\/div>\n<p>[\/vc_column_text][\/vc_column][vc_column width=&#8221;3\/4&#8243;][vc_raw_js]JTNDZGl2JTIwY2xhc3MlM0QlMjJjb250YWN0LWhlYWRlci1pbmxpbmUtYXJvdW5kJTIyJTNFJTBBJTNDZGl2JTIwY2xhc3MlM0QlMjJjb250YWN0LWhlYWRlci1pbmxpbmUtNSUyMiUzRSUzQ2ElMjBocmVmJTNEJTIyamF2YXNjcmlwdCUzQXdpbmRvdy5wcmludCUyOCUyOSUyMiUzRSUzQ2ltZyUyMHNyYyUzRCUyMmh0dHBzJTNBJTJGJTJGcmVnaW9uLXBlaW5lci1sYW5kLmRlJTJGd3AtY29udGVudCUyRnVwbG9hZHMlMkZwcmludC1idXR0b24tYmx1ZS1lMTUxOTgyMTA3MDg5MS5wbmclMjIlMjBhbHQlM0QlMjJTZWl0ZSUyMGRydWNrZW4lMjIlMjBpZCUzRCUyMnByaW50LWJ1dHRvbiUyMiUyMCUyRiUzRSUzQyUyRmElM0UlM0MlMkZkaXYlM0UlMEElM0MlMkZkaXYlM0U=[\/vc_raw_js][vc_column_text css=&#8221;.vc_custom_1730125971757{margin-top: 10px !important;}&#8221;]<\/p>\n<h1>Gesch\u00e4ftsstelle der Lokalen Aktionsgruppe (LAG) Peiner Land<\/h1>\n<h2>Aufgaben der Gesch\u00e4ftsstelle:<\/h2>\n<ul>\n<li>Ansprechpartner insbesondere f\u00fcr die Lokale Aktionsgruppe (LAG)<\/li>\n<li>Ansprechpartner f\u00fcr das Regionalmanagement<\/li>\n<li>Kontaktstelle f\u00fcr das Land und das Amt f\u00fcr regionale Landesentwicklung<\/li>\n<\/ul>\n<p>&nbsp;<\/p>\n<h2>Kontakt<\/h2>\n<p><strong>LAG-Gesch\u00e4ftsstelle Peiner Land<\/strong><br \/>\nc\/o Gemeinde Wendeburg<\/p>\n<p>Patricia M\u00e4rzke<\/p>\n<p>Am Anger 5, 38176 Wendeburg<\/p>\n<p>Tel.: 05303\/911126<\/p>\n<p>E-Mail: <a href=\"&#109;&#x61;i&#108;&#x74;o&#58;&#x6d;a&#101;&#x72;z&#107;&#x65;&#64;&#119;&#x65;n&#100;&#x65;b&#117;&#x72;g&#46;&#x64;e\">&#109;&#x61;&#x65;&#114;&#x7a;&#x6b;&#101;&#x40;&#x77;&#101;&#x6e;&#x64;&#101;&#x62;&#x75;&#114;&#x67;&#x2e;&#100;&#x65;<\/a><\/p>\n<p>Internet: <a href=\"https:\/\/www.wendeburg.de\">www.wendeburg.de<\/a>[\/vc_column_text][\/vc_column][\/vc_row]<\/p>\n<\/section>","protected":false},"excerpt":{"rendered":"<p>[vc_row full_width=&#8221;stretch_row_content_no_spaces&#8221;][vc_column][vc_column_text][\/vc_column_text][\/vc_column][\/vc_row][vc_row][vc_column width=&#8221;1\/4&#8243;][vc_column_text] Ansprechpartner Regionalmanagement Gesch\u00e4ftsstelle ARL [\/vc_column_text][\/vc_column][vc_column width=&#8221;3\/4&#8243;][vc_raw_js]JTNDZGl2JTIwY2xhc3MlM0QlMjJjb250YWN0LWhlYWRlci1pbmxpbmUtYXJvdW5kJTIyJTNFJTBBJTNDZGl2JTIwY2xhc3MlM0QlMjJjb250YWN0LWhlYWRlci1pbmxpbmUtNSUyMiUzRSUzQ2ElMjBocmVmJTNEJTIyamF2YXNjcmlwdCUzQXdpbmRvdy5wcmludCUyOCUyOSUyMiUzRSUzQ2ltZyUyMHNyYyUzRCUyMmh0dHBzJTNBJTJGJTJGcmVnaW9uLXBlaW5lci1sYW5kLmRlJTJGd3AtY29udGVudCUyRnVwbG9hZHMlMkZwcmludC1idXR0b24tYmx1ZS1lMTUxOTgyMTA3MDg5MS5wbmclMjIlMjBhbHQlM0QlMjJTZWl0ZSUyMGRydWNrZW4lMjIlMjBpZCUzRCUyMnByaW50LWJ1dHRvbiUyMiUyMCUyRiUzRSUzQyUyRmElM0UlM0MlMkZkaXYlM0UlMEElM0MlMkZkaXYlM0U=[\/vc_raw_js][vc_column_text css=&#8221;.vc_custom_1730125971757{margin-top: 10px !important;}&#8221;] Gesch\u00e4ftsstelle der Lokalen Aktionsgruppe (LAG) Peiner Land Aufgaben der Gesch\u00e4ftsstelle: Ansprechpartner insbesondere f\u00fcr die Lokale Aktionsgruppe (LAG) Ansprechpartner f\u00fcr das Regionalmanagement Kontaktstelle f\u00fcr das Land und das Amt f\u00fcr regionale Landesentwicklung &nbsp; Kontakt LAG-Gesch\u00e4ftsstelle Peiner Land c\/o Gemeinde Wendeburg Patricia M\u00e4rzke Am Anger [&hellip;]<\/p>\n","protected":false},"author":1,"featured_media":0,"parent":0,"menu_order":0,"comment_status":"closed","ping_status":"closed","template":"","meta":{"iawp_total_views":24,"footnotes":""},"class_list":["post-1756","page","type-page","status-publish","hentry"],"_links":{"self":[{"href":"https:\/\/www.region-peiner-land.de\/index.php\/wp-json\/wp\/v2\/pages\/1756","targetHints":{"allow":["GET"]}}],"collection":[{"href":"https:\/\/www.region-peiner-land.de\/index.php\/wp-json\/wp\/v2\/pages"}],"about":[{"href":"https:\/\/www.region-peiner-land.de\/index.php\/wp-json\/wp\/v2\/types\/page"}],"author":[{"embeddable":true,"href":"https:\/\/www.region-peiner-land.de\/index.php\/wp-json\/wp\/v2\/users\/1"}],"replies":[{"embeddable":true,"href":"https:\/\/www.region-peiner-land.de\/index.php\/wp-json\/wp\/v2\/comments?post=1756"}],"version-history":[{"count":19,"href":"https:\/\/www.region-peiner-land.de\/index.php\/wp-json\/wp\/v2\/pages\/1756\/revisions"}],"predecessor-version":[{"id":3269,"href":"https:\/\/www.region-peiner-land.de\/index.php\/wp-json\/wp\/v2\/pages\/1756\/revisions\/3269"}],"wp:attachment":[{"href":"https:\/\/www.region-peiner-land.de\/index.php\/wp-json\/wp\/v2\/media?parent=1756"}],"curies":[{"name":"wp","href":"https:\/\/api.w.org\/{rel}","templated":true}]}}

Geschäftsstelle

<section class="wpb-content-wrapper"><p>[vc_row full_width=&#8221;stretch_row_content_no_spaces&#8221;][vc_column][vc_column_text]<div id="metaslider-id-1992" style="width: 100%;" class="ml-slider-3-108-0 metaslider metaslider-flex metaslider-1992 ml-slider ms-theme-default nav-hidden" role="region" aria-label="Geschäftsstelle" data-height="400" data-width="2200">
    <div id="metaslider_container_1992">
        <div id="metaslider_1992">
            <ul class='slides'>
                <li style="display: block; width: 100%;" class="slide-1994 ms-image " aria-roledescription="slide" data-date="2018-02-28 13:07:32" data-filename="KoRis_IMG_0309.jpg" data-slide-type="image"><img loading="lazy" decoding="async" src="https://www.region-peiner-land.de/wp-content/uploads/KoRis_IMG_0309.jpg" height="400" width="2200" alt="" class="slider-1992 slide-1994 msDefaultImage" /></li>
            </ul>
        </div>
        
    </div>
</div>[/vc_column_text][/vc_column][/vc_row][vc_row][vc_column width=&#8221;1/4&#8243;][vc_column_text]</p>
<div class="content-out">
<div class="content-list"><a style="text-decoration: none;" href="/index.php/ansprech-partner/">Ansprechpartner</a></div>
<div class="content-border"></div>
<div class="content-list"><a style="text-decoration: none;" href="/index.php/regional-management/">Regionalmanagement</a></div>
<div class="content-border"></div>
<div class="content-list active-menu-left"><a style="text-decoration: none;" href="/index.php/geschaeftsstelle/">Geschäftsstelle</a></div>
<div class="content-border"></div>
<div class="content-list"><a style="text-decoration: none;" href="/index.php/ansprechpartner-arl/">ARL</a></div>
<div class="content-border"></div>
</div>
<p>[/vc_column_text][/vc_column][vc_column width=&#8221;3/4&#8243;][vc_raw_js]JTNDZGl2JTIwY2xhc3MlM0QlMjJjb250YWN0LWhlYWRlci1pbmxpbmUtYXJvdW5kJTIyJTNFJTBBJTNDZGl2JTIwY2xhc3MlM0QlMjJjb250YWN0LWhlYWRlci1pbmxpbmUtNSUyMiUzRSUzQ2ElMjBocmVmJTNEJTIyamF2YXNjcmlwdCUzQXdpbmRvdy5wcmludCUyOCUyOSUyMiUzRSUzQ2ltZyUyMHNyYyUzRCUyMmh0dHBzJTNBJTJGJTJGcmVnaW9uLXBlaW5lci1sYW5kLmRlJTJGd3AtY29udGVudCUyRnVwbG9hZHMlMkZwcmludC1idXR0b24tYmx1ZS1lMTUxOTgyMTA3MDg5MS5wbmclMjIlMjBhbHQlM0QlMjJTZWl0ZSUyMGRydWNrZW4lMjIlMjBpZCUzRCUyMnByaW50LWJ1dHRvbiUyMiUyMCUyRiUzRSUzQyUyRmElM0UlM0MlMkZkaXYlM0UlMEElM0MlMkZkaXYlM0U=[/vc_raw_js][vc_column_text css=&#8221;.vc_custom_1730125971757{margin-top: 10px !important;}&#8221;]</p>
<h1>Geschäftsstelle der Lokalen Aktionsgruppe (LAG) Peiner Land</h1>
<h2>Aufgaben der Geschäftsstelle:</h2>
<ul>
<li>Ansprechpartner insbesondere für die Lokale Aktionsgruppe (LAG)</li>
<li>Ansprechpartner für das Regionalmanagement</li>
<li>Kontaktstelle für das Land und das Amt für regionale Landesentwicklung</li>
</ul>
<p>&nbsp;</p>
<h2>Kontakt</h2>
<p><strong>LAG-Geschäftsstelle Peiner Land</strong><br />
c/o Gemeinde Wendeburg</p>
<p>Patricia Märzke</p>
<p>Am Anger 5, 38176 Wendeburg</p>
<p>Tel.: 05303/911126</p>
<p>E-Mail: <a href="&#109;&#x61;i&#108;&#x74;o&#58;&#x6d;a&#101;&#x72;z&#107;&#x65;&#64;&#119;&#x65;n&#100;&#x65;b&#117;&#x72;g&#46;&#x64;e">&#109;&#x61;&#x65;&#114;&#x7a;&#x6b;&#101;&#x40;&#x77;&#101;&#x6e;&#x64;&#101;&#x62;&#x75;&#114;&#x67;&#x2e;&#100;&#x65;</a></p>
<p>Internet: <a href="https://www.wendeburg.de">www.wendeburg.de</a>[/vc_column_text][/vc_column][/vc_row]</p>
</section>

<p>[vc_row full_width=&#8221;stretch_row_content_no_spaces&#8221;][vc_column][vc_column_text][/vc_column_text][/vc_column][/vc_row][vc_row][vc_column width=&#8221;1/4&#8243;][vc_column_text] Ansprechpartner Regionalmanagement Geschäftsstelle ARL [/vc_column_text][/vc_column][vc_column width=&#8221;3/4&#8243;][vc_raw_js]JTNDZGl2JTIwY2xhc3MlM0QlMjJjb250YWN0LWhlYWRlci1pbmxpbmUtYXJvdW5kJTIyJTNFJTBBJTNDZGl2JTIwY2xhc3MlM0QlMjJjb250YWN0LWhlYWRlci1pbmxpbmUtNSUyMiUzRSUzQ2ElMjBocmVmJTNEJTIyamF2YXNjcmlwdCUzQXdpbmRvdy5wcmludCUyOCUyOSUyMiUzRSUzQ2ltZyUyMHNyYyUzRCUyMmh0dHBzJTNBJTJGJTJGcmVnaW9uLXBlaW5lci1sYW5kLmRlJTJGd3AtY29udGVudCUyRnVwbG9hZHMlMkZwcmludC1idXR0b24tYmx1ZS1lMTUxOTgyMTA3MDg5MS5wbmclMjIlMjBhbHQlM0QlMjJTZWl0ZSUyMGRydWNrZW4lMjIlMjBpZCUzRCUyMnByaW50LWJ1dHRvbiUyMiUyMCUyRiUzRSUzQyUyRmElM0UlM0MlMkZkaXYlM0UlMEElM0MlMkZkaXYlM0U=[/vc_raw_js][vc_column_text css=&#8221;.vc_custom_1730125971757{margin-top: 10px !important;}&#8221;] Geschäftsstelle der Lokalen Aktionsgruppe (LAG) Peiner Land Aufgaben der Geschäftsstelle: Ansprechpartner insbesondere für die Lokale Aktionsgruppe (LAG) Ansprechpartner für das Regionalmanagement Kontaktstelle für das Land und das Amt für regionale Landesentwicklung &nbsp; Kontakt LAG-Geschäftsstelle Peiner Land c/o Gemeinde Wendeburg Patricia Märzke Am Anger [&hellip;]</p>
