{"id":2012,"date":"2018-02-28T13:37:09","date_gmt":"2018-02-28T12:37:09","guid":{"rendered":"https:\/\/www.region-peiner-land.de\/?page_id=2012"},"modified":"2018-07-04T09:45:02","modified_gmt":"2018-07-04T07:45:02","slug":"leader","status":"publish","type":"page","link":"https:\/\/www.region-peiner-land.de\/index.php\/leader\/","title":{"rendered":"LEADER"},"content":{"rendered":"<section class=\"wpb-content-wrapper\"><p>[vc_row full_width=&#8221;stretch_row_content_no_spaces&#8221;][vc_column el_class=&#8221;`{`metaslider id=207`}`&#8221;][vc_column_text]<div id=\"metaslider-id-207\" style=\"width: 100%;\" class=\"ml-slider-3-108-0 metaslider metaslider-flex metaslider-207 ml-slider ms-theme-default nav-hidden\" role=\"region\" aria-label=\"1 Leistung\" data-height=\"400\" data-width=\"2200\">\n    <div id=\"metaslider_container_207\">\n        <div id=\"metaslider_207\">\n            <ul class='slides'>\n                <li style=\"display: block; width: 100%;\" class=\"slide-1944 ms-image \" aria-roledescription=\"slide\" data-date=\"2018-02-28 10:40:11\" data-filename=\"141125_LAG-Strukturen-und-Inhalte_IMG_7652-1.jpg\" data-slide-type=\"image\"><img loading=\"lazy\" decoding=\"async\" src=\"https:\/\/www.region-peiner-land.de\/wp-content\/uploads\/141125_LAG-Strukturen-und-Inhalte_IMG_7652-1.jpg\" height=\"400\" width=\"2200\" alt=\"\" class=\"slider-207 slide-1944 msDefaultImage\" \/><\/li>\n            <\/ul>\n        <\/div>\n        \n    <\/div>\n<\/div>[\/vc_column_text][\/vc_column][\/vc_row][vc_row][vc_column width=&#8221;1\/4&#8243;][vc_column_text]<\/p>\n<div class=\"content-out\">\n<div class=\"content-list active-menu-left\"><a style=\"text-decoration: none;\" href=\"\/index.php\/leader\/\">Leader<\/a><\/div>\n<div class=\"content-border\"><\/div>\n<div class=\"content-list\"><a style=\"text-decoration: none;\" href=\"\/index.php\/was-ist-leader\/\">Was ist LEADER?<\/a><\/div>\n<div class=\"content-border\"><\/div>\n<div class=\"content-list\"><a style=\"text-decoration: none;\" href=\"\/index.php\/rek\/\">REK Peiner Land<\/a><\/div>\n<div class=\"content-border\"><\/div>\n<div class=\"content-list\"><a style=\"text-decoration: none;\" href=\"\/index.php\/lokale-aktionsgruppe-lag\/\">Lokale Aktionsgruppe (LAG)<\/a><\/div>\n<div class=\"content-border\"><\/div>\n<div class=\"content-list\"><a style=\"text-decoration: none;\" href=\"\/index.php\/von-der-projektidee-zur-umsetzung\/\">Von der Projektidee zur Umsetzung<\/a><\/div>\n<div class=\"content-border\"><\/div>\n<div class=\"content-list\"><a style=\"text-decoration: none;\" href=\"\/index.php\/weitere-gremien\/\">Weitere Gremien<\/a><\/div>\n<\/div>\n<p>[\/vc_column_text][\/vc_column][vc_column width=&#8221;3\/4&#8243;][vc_raw_js]JTNDZGl2JTIwY2xhc3MlM0QlMjJjb250YWN0LWhlYWRlci1pbmxpbmUtYXJvdW5kJTIyJTNFJTBBJTNDZGl2JTIwY2xhc3MlM0QlMjJjb250YWN0LWhlYWRlci1pbmxpbmUtNSUyMiUzRSUzQ2ElMjBocmVmJTNEJTIyamF2YXNjcmlwdCUzQXdpbmRvdy5wcmludCUyOCUyOSUyMiUzRSUzQ2ltZyUyMHNyYyUzRCUyMmh0dHBzJTNBJTJGJTJGcmVnaW9uLXBlaW5lci1sYW5kLmRlJTJGd3AtY29udGVudCUyRnVwbG9hZHMlMkZwcmludC1idXR0b24tYmx1ZS1lMTUxOTgyMTA3MDg5MS5wbmclMjIlMjBhbHQlM0QlMjJTZWl0ZSUyMGRydWNrZW4lMjIlMjBpZCUzRCUyMnByaW50LWJ1dHRvbiUyMiUyMCUyRiUzRSUzQyUyRmElM0UlM0MlMkZkaXYlM0UlMEElM0MlMkZkaXYlM0U=[\/vc_raw_js][vc_column_text css=&#8221;.vc_custom_1530620763126{margin-top: 10px !important;}&#8221;]<\/p>\n<h1>LEADER<\/h1>\n<p>Die ILE-Region Peiner Land kn\u00fcpft an die Erfolge der langj\u00e4hrigen interkommunalen Zusammenarbeit an und setzt die Kooperation in der neuen EU-F\u00f6rderperiode 2014-2020 fort. Hierzu hat sich die Region 2014 am landesweiten Wettbewerb zur Auswahl der nieders\u00e4chsischen LEADER- und ILE-Regionen beteiligt und ein Regionales Entwicklungskonzept (REK) erarbeitet.<\/p>\n<p>Mitte 2015 hat das Land Niedersachsen die Gewinner des LEADER-Wettbewerbs bekannt gegeben: Das Peiner Land geh\u00f6rt zu den Gewinnern und freut sich \u00fcber F\u00f6rdermittel von\u00a0insgesamt 2,4 Millionen Euro. F\u00fcr die Koordinierung der Umsetzung des Regionalen\u00a0Entwicklungskonzepts ist das Regionalmanagement zust\u00e4ndig, das im April 2016 seine Arbeit aufgenommen hat.<\/p>\n<p>Der LEADER-F\u00f6rderansatz unterst\u00fctzt die Entwicklung l\u00e4ndlicher R\u00e4ume im Peiner Land seit 2014. Zur Umsetzung der im Regionalen Entwicklungskonzept enthaltenen Ziele wurde das\u00a0Entscheidungsgremium \u201eLokale Aktionsgruppe\u201c (LAG) ins Leben gerufen. Sie entscheiden\u00a0zun\u00e4chst \u00fcber die F\u00f6rderw\u00fcrdigkeit eines Projekts, bevor die Bewilligungsstelle, das Amt f\u00fcr regionale Landesentwicklung, \u00fcber die abschlie\u00dfende Antragstellung entscheidet. Weitere\u00a0Informationen zu LEADER allgemein, das Regionale Entwicklungskonzept, die LAG, eine Weg von\u00a0einer Projektidee zur Umsetzung und weiteren Gremien finden sie auf den Unterseiten.[\/vc_column_text][\/vc_column][\/vc_row]<\/p>\n<\/section>","protected":false},"excerpt":{"rendered":"<p>[vc_row full_width=&#8221;stretch_row_content_no_spaces&#8221;][vc_column el_class=&#8221;`{`metaslider id=207`}`&#8221;][vc_column_text][\/vc_column_text][\/vc_column][\/vc_row][vc_row][vc_column width=&#8221;1\/4&#8243;][vc_column_text] Leader Was ist LEADER? REK Peiner Land Lokale Aktionsgruppe (LAG) Von der Projektidee zur Umsetzung Weitere Gremien [\/vc_column_text][\/vc_column][vc_column width=&#8221;3\/4&#8243;][vc_raw_js]JTNDZGl2JTIwY2xhc3MlM0QlMjJjb250YWN0LWhlYWRlci1pbmxpbmUtYXJvdW5kJTIyJTNFJTBBJTNDZGl2JTIwY2xhc3MlM0QlMjJjb250YWN0LWhlYWRlci1pbmxpbmUtNSUyMiUzRSUzQ2ElMjBocmVmJTNEJTIyamF2YXNjcmlwdCUzQXdpbmRvdy5wcmludCUyOCUyOSUyMiUzRSUzQ2ltZyUyMHNyYyUzRCUyMmh0dHBzJTNBJTJGJTJGcmVnaW9uLXBlaW5lci1sYW5kLmRlJTJGd3AtY29udGVudCUyRnVwbG9hZHMlMkZwcmludC1idXR0b24tYmx1ZS1lMTUxOTgyMTA3MDg5MS5wbmclMjIlMjBhbHQlM0QlMjJTZWl0ZSUyMGRydWNrZW4lMjIlMjBpZCUzRCUyMnByaW50LWJ1dHRvbiUyMiUyMCUyRiUzRSUzQyUyRmElM0UlM0MlMkZkaXYlM0UlMEElM0MlMkZkaXYlM0U=[\/vc_raw_js][vc_column_text css=&#8221;.vc_custom_1530620763126{margin-top: 10px !important;}&#8221;] LEADER Die ILE-Region Peiner Land kn\u00fcpft an die Erfolge der langj\u00e4hrigen interkommunalen Zusammenarbeit an und setzt die Kooperation in der neuen EU-F\u00f6rderperiode 2014-2020 fort. Hierzu hat sich die [&hellip;]<\/p>\n","protected":false},"author":1,"featured_media":0,"parent":0,"menu_order":3,"comment_status":"closed","ping_status":"closed","template":"","meta":{"iawp_total_views":103,"footnotes":""},"class_list":["post-2012","page","type-page","status-publish","hentry"],"_links":{"self":[{"href":"https:\/\/www.region-peiner-land.de\/index.php\/wp-json\/wp\/v2\/pages\/2012","targetHints":{"allow":["GET"]}}],"collection":[{"href":"https:\/\/www.region-peiner-land.de\/index.php\/wp-json\/wp\/v2\/pages"}],"about":[{"href":"https:\/\/www.region-peiner-land.de\/index.php\/wp-json\/wp\/v2\/types\/page"}],"author":[{"embeddable":true,"href":"https:\/\/www.region-peiner-land.de\/index.php\/wp-json\/wp\/v2\/users\/1"}],"replies":[{"embeddable":true,"href":"https:\/\/www.region-peiner-land.de\/index.php\/wp-json\/wp\/v2\/comments?post=2012"}],"version-history":[{"count":15,"href":"https:\/\/www.region-peiner-land.de\/index.php\/wp-json\/wp\/v2\/pages\/2012\/revisions"}],"predecessor-version":[{"id":2447,"href":"https:\/\/www.region-peiner-land.de\/index.php\/wp-json\/wp\/v2\/pages\/2012\/revisions\/2447"}],"wp:attachment":[{"href":"https:\/\/www.region-peiner-land.de\/index.php\/wp-json\/wp\/v2\/media?parent=2012"}],"curies":[{"name":"wp","href":"https:\/\/api.w.org\/{rel}","templated":true}]}}

<section class="wpb-content-wrapper"><p>[vc_row full_width=&#8221;stretch_row_content_no_spaces&#8221;][vc_column el_class=&#8221;`{`metaslider id=207`}`&#8221;][vc_column_text]<div id="metaslider-id-207" style="width: 100%;" class="ml-slider-3-108-0 metaslider metaslider-flex metaslider-207 ml-slider ms-theme-default nav-hidden" role="region" aria-label="1 Leistung" data-height="400" data-width="2200">
    <div id="metaslider_container_207">
        <div id="metaslider_207">
            <ul class='slides'>
                <li style="display: block; width: 100%;" class="slide-1944 ms-image " aria-roledescription="slide" data-date="2018-02-28 10:40:11" data-filename="141125_LAG-Strukturen-und-Inhalte_IMG_7652-1.jpg" data-slide-type="image"><img loading="lazy" decoding="async" src="https://www.region-peiner-land.de/wp-content/uploads/141125_LAG-Strukturen-und-Inhalte_IMG_7652-1.jpg" height="400" width="2200" alt="" class="slider-207 slide-1944 msDefaultImage" /></li>
            </ul>
        </div>
        
    </div>
</div>[/vc_column_text][/vc_column][/vc_row][vc_row][vc_column width=&#8221;1/4&#8243;][vc_column_text]</p>
<div class="content-out">
<div class="content-list active-menu-left"><a style="text-decoration: none;" href="/index.php/leader/">Leader</a></div>
<div class="content-border"></div>
<div class="content-list"><a style="text-decoration: none;" href="/index.php/was-ist-leader/">Was ist LEADER?</a></div>
<div class="content-border"></div>
<div class="content-list"><a style="text-decoration: none;" href="/index.php/rek/">REK Peiner Land</a></div>
<div class="content-border"></div>
<div class="content-list"><a style="text-decoration: none;" href="/index.php/lokale-aktionsgruppe-lag/">Lokale Aktionsgruppe (LAG)</a></div>
<div class="content-border"></div>
<div class="content-list"><a style="text-decoration: none;" href="/index.php/von-der-projektidee-zur-umsetzung/">Von der Projektidee zur Umsetzung</a></div>
<div class="content-border"></div>
<div class="content-list"><a style="text-decoration: none;" href="/index.php/weitere-gremien/">Weitere Gremien</a></div>
</div>
<p>[/vc_column_text][/vc_column][vc_column width=&#8221;3/4&#8243;][vc_raw_js]JTNDZGl2JTIwY2xhc3MlM0QlMjJjb250YWN0LWhlYWRlci1pbmxpbmUtYXJvdW5kJTIyJTNFJTBBJTNDZGl2JTIwY2xhc3MlM0QlMjJjb250YWN0LWhlYWRlci1pbmxpbmUtNSUyMiUzRSUzQ2ElMjBocmVmJTNEJTIyamF2YXNjcmlwdCUzQXdpbmRvdy5wcmludCUyOCUyOSUyMiUzRSUzQ2ltZyUyMHNyYyUzRCUyMmh0dHBzJTNBJTJGJTJGcmVnaW9uLXBlaW5lci1sYW5kLmRlJTJGd3AtY29udGVudCUyRnVwbG9hZHMlMkZwcmludC1idXR0b24tYmx1ZS1lMTUxOTgyMTA3MDg5MS5wbmclMjIlMjBhbHQlM0QlMjJTZWl0ZSUyMGRydWNrZW4lMjIlMjBpZCUzRCUyMnByaW50LWJ1dHRvbiUyMiUyMCUyRiUzRSUzQyUyRmElM0UlM0MlMkZkaXYlM0UlMEElM0MlMkZkaXYlM0U=[/vc_raw_js][vc_column_text css=&#8221;.vc_custom_1530620763126{margin-top: 10px !important;}&#8221;]</p>
<h1>LEADER</h1>
<p>Die ILE-Region Peiner Land knüpft an die Erfolge der langjährigen interkommunalen Zusammenarbeit an und setzt die Kooperation in der neuen EU-Förderperiode 2014-2020 fort. Hierzu hat sich die Region 2014 am landesweiten Wettbewerb zur Auswahl der niedersächsischen LEADER- und ILE-Regionen beteiligt und ein Regionales Entwicklungskonzept (REK) erarbeitet.</p>
<p>Mitte 2015 hat das Land Niedersachsen die Gewinner des LEADER-Wettbewerbs bekannt gegeben: Das Peiner Land gehört zu den Gewinnern und freut sich über Fördermittel von insgesamt 2,4 Millionen Euro. Für die Koordinierung der Umsetzung des Regionalen Entwicklungskonzepts ist das Regionalmanagement zuständig, das im April 2016 seine Arbeit aufgenommen hat.</p>
<p>Der LEADER-Förderansatz unterstützt die Entwicklung ländlicher Räume im Peiner Land seit 2014. Zur Umsetzung der im Regionalen Entwicklungskonzept enthaltenen Ziele wurde das Entscheidungsgremium „Lokale Aktionsgruppe“ (LAG) ins Leben gerufen. Sie entscheiden zunächst über die Förderwürdigkeit eines Projekts, bevor die Bewilligungsstelle, das Amt für regionale Landesentwicklung, über die abschließende Antragstellung entscheidet. Weitere Informationen zu LEADER allgemein, das Regionale Entwicklungskonzept, die LAG, eine Weg von einer Projektidee zur Umsetzung und weiteren Gremien finden sie auf den Unterseiten.[/vc_column_text][/vc_column][/vc_row]</p>
</section>

<p>[vc_row full_width=&#8221;stretch_row_content_no_spaces&#8221;][vc_column el_class=&#8221;`{`metaslider id=207`}`&#8221;][vc_column_text][/vc_column_text][/vc_column][/vc_row][vc_row][vc_column width=&#8221;1/4&#8243;][vc_column_text] Leader Was ist LEADER? REK Peiner Land Lokale Aktionsgruppe (LAG) Von der Projektidee zur Umsetzung Weitere Gremien [/vc_column_text][/vc_column][vc_column width=&#8221;3/4&#8243;][vc_raw_js]JTNDZGl2JTIwY2xhc3MlM0QlMjJjb250YWN0LWhlYWRlci1pbmxpbmUtYXJvdW5kJTIyJTNFJTBBJTNDZGl2JTIwY2xhc3MlM0QlMjJjb250YWN0LWhlYWRlci1pbmxpbmUtNSUyMiUzRSUzQ2ElMjBocmVmJTNEJTIyamF2YXNjcmlwdCUzQXdpbmRvdy5wcmludCUyOCUyOSUyMiUzRSUzQ2ltZyUyMHNyYyUzRCUyMmh0dHBzJTNBJTJGJTJGcmVnaW9uLXBlaW5lci1sYW5kLmRlJTJGd3AtY29udGVudCUyRnVwbG9hZHMlMkZwcmludC1idXR0b24tYmx1ZS1lMTUxOTgyMTA3MDg5MS5wbmclMjIlMjBhbHQlM0QlMjJTZWl0ZSUyMGRydWNrZW4lMjIlMjBpZCUzRCUyMnByaW50LWJ1dHRvbiUyMiUyMCUyRiUzRSUzQyUyRmElM0UlM0MlMkZkaXYlM0UlMEElM0MlMkZkaXYlM0U=[/vc_raw_js][vc_column_text css=&#8221;.vc_custom_1530620763126{margin-top: 10px !important;}&#8221;] LEADER Die ILE-Region Peiner Land knüpft an die Erfolge der langjährigen interkommunalen Zusammenarbeit an und setzt die Kooperation in der neuen EU-Förderperiode 2014-2020 fort. Hierzu hat sich die [&hellip;]</p>
