{"id":2555,"date":"2021-03-17T16:38:04","date_gmt":"2021-03-17T15:38:04","guid":{"rendered":"https:\/\/www.region-peiner-land.de\/?page_id=2555"},"modified":"2022-12-13T16:44:48","modified_gmt":"2022-12-13T15:44:48","slug":"geschichtebegreifen","status":"publish","type":"page","link":"https:\/\/www.region-peiner-land.de\/index.php\/geschichtebegreifen\/","title":{"rendered":"\u201eGeschichte (be)greifen\u201c \u2013 Vermittlungskonzeption f\u00fcr Ausstellungsorte im Peiner Land"},"content":{"rendered":"<section class=\"wpb-content-wrapper\"><p>[vc_row full_width=&#8221;stretch_row_content_no_spaces&#8221;][vc_column][vc_column_text]<div id=\"metaslider-id-218\" style=\"width: 100%;\" class=\"ml-slider-3-108-0 metaslider metaslider-flex metaslider-218 ml-slider ms-theme-default nav-hidden\" role=\"region\" aria-label=\"2 Arbeitsfelder\" data-height=\"400\" data-width=\"2200\">\n    <div id=\"metaslider_container_218\">\n        <div id=\"metaslider_218\">\n            <ul class='slides'>\n                <li style=\"display: block; width: 100%;\" class=\"slide-1937 ms-image \" aria-roledescription=\"slide\" data-date=\"2018-02-28 10:24:35\" data-filename=\"IlsederHuette2.jpg\" data-slide-type=\"image\"><img loading=\"lazy\" decoding=\"async\" src=\"https:\/\/www.region-peiner-land.de\/wp-content\/uploads\/IlsederHuette2.jpg\" height=\"400\" width=\"2200\" alt=\"\" class=\"slider-218 slide-1937 msDefaultImage\" \/><\/li>\n                <li style=\"display: none; width: 100%;\" class=\"slide-1938 ms-image \" aria-roledescription=\"slide\" data-date=\"2018-02-28 10:24:36\" data-filename=\"Park-Vechelde_P1040431.jpg\" data-slide-type=\"image\"><img loading=\"lazy\" decoding=\"async\" src=\"https:\/\/www.region-peiner-land.de\/wp-content\/uploads\/Park-Vechelde_P1040431.jpg\" height=\"400\" width=\"2200\" alt=\"\" class=\"slider-218 slide-1938 msDefaultImage\" \/><\/li>\n                <li style=\"display: none; width: 100%;\" class=\"slide-1939 ms-image \" aria-roledescription=\"slide\" data-date=\"2018-02-28 10:24:36\" data-filename=\"Seilbahnberg-Ausblick-Lengede-8.jpg\" data-slide-type=\"image\"><img loading=\"lazy\" decoding=\"async\" src=\"https:\/\/www.region-peiner-land.de\/wp-content\/uploads\/Seilbahnberg-Ausblick-Lengede-8.jpg\" height=\"400\" width=\"2200\" alt=\"\" class=\"slider-218 slide-1939 msDefaultImage\" \/><\/li>\n                <li style=\"display: none; width: 100%;\" class=\"slide-1940 ms-image \" aria-roledescription=\"slide\" data-date=\"2018-02-28 10:24:36\" data-filename=\"Windm\u00fchle-Wendeburg-2.JPG.jpg\" data-slide-type=\"image\"><img loading=\"lazy\" decoding=\"async\" src=\"https:\/\/www.region-peiner-land.de\/wp-content\/uploads\/Windm\u00fchle-Wendeburg-2.JPG.jpg\" height=\"400\" width=\"2200\" alt=\"\" class=\"slider-218 slide-1940 msDefaultImage\" \/><\/li>\n                <li style=\"display: none; width: 100%;\" class=\"slide-1936 ms-image \" aria-roledescription=\"slide\" data-date=\"2018-02-28 10:24:35\" data-filename=\"Hofanlage-Plockhorst-2.jpg\" data-slide-type=\"image\"><img loading=\"lazy\" decoding=\"async\" src=\"https:\/\/www.region-peiner-land.de\/wp-content\/uploads\/Hofanlage-Plockhorst-2.jpg\" height=\"400\" width=\"2200\" alt=\"\" class=\"slider-218 slide-1936 msDefaultImage\" \/><\/li>\n                <li style=\"display: none; width: 100%;\" class=\"slide-1935 ms-image \" aria-roledescription=\"slide\" data-date=\"2018-02-28 10:24:35\" data-filename=\"Amthof-Peine-8.JPG.jpg\" data-slide-type=\"image\"><img loading=\"lazy\" decoding=\"async\" src=\"https:\/\/www.region-peiner-land.de\/wp-content\/uploads\/Amthof-Peine-8.JPG.jpg\" height=\"400\" width=\"2200\" alt=\"\" class=\"slider-218 slide-1935 msDefaultImage\" \/><\/li>\n            <\/ul>\n        <\/div>\n        \n    <\/div>\n<\/div>[\/vc_column_text][\/vc_column][\/vc_row][vc_row][vc_column width=&#8221;1\/4&#8243;][vc_column_text]<\/p>\n<div class=\"content-out\">\n<div class=\"content-list active-menu-left\" style=\"text-align: left;\"><a href=\"https:\/\/www.region-peiner-land.de\/index.php\/leader-2014-2020-2\/#1518691329687-549a5c26-0481\">Projekte 2014-2020<\/a><\/div>\n<\/div>\n<p>[\/vc_column_text][\/vc_column][vc_column width=&#8221;3\/4&#8243;][vc_raw_js]JTNDZGl2JTIwY2xhc3MlM0QlMjJjb250YWN0LWhlYWRlci1pbmxpbmUtYXJvdW5kJTIyJTNFJTBBJTNDZGl2JTIwY2xhc3MlM0QlMjJjb250YWN0LWhlYWRlci1pbmxpbmUtNSUyMiUzRSUzQ2ElMjBocmVmJTNEJTIyamF2YXNjcmlwdCUzQXdpbmRvdy5wcmludCUyOCUyOSUyMiUzRSUzQ2ltZyUyMHNyYyUzRCUyMmh0dHBzJTNBJTJGJTJGcmVnaW9uLXBlaW5lci1sYW5kLmRlJTJGd3AtY29udGVudCUyRnVwbG9hZHMlMkZwcmludC1idXR0b24tYmx1ZS1lMTUxOTgyMTA3MDg5MS5wbmclMjIlMjBhbHQlM0QlMjJTZWl0ZSUyMGRydWNrZW4lMjIlMjBpZCUzRCUyMnByaW50LWJ1dHRvbiUyMiUyMCUyRiUzRSUzQyUyRmElM0UlM0MlMkZkaXYlM0UlMEElM0MlMkZkaXYlM0U=[\/vc_raw_js][vc_column_text css=&#8221;.vc_custom_1670427517911{margin-top: 10px !important;margin-bottom: 45px !important;}&#8221;]<\/p>\n<h1>\u201eGeschichte (be)greifen\u201c \u2013 Vermittlungskonzeption f\u00fcr Ausstellungsorte im Peiner Land<\/h1>\n<p class=\"Text\">Dieses Projekt zur Vermittlung regionaler Geschichte im Peiner Land hat einen wichtigen Baustein f\u00fcr einen lebendigen und anschaulichen Schulunterricht, aber auch f\u00fcr die lokale Kulturentwicklung und -vermittlung geschaffen.<br \/>\nDie von der Servicestelle Kultur beauftragte Braunschweiger Innovationsagentur \u201evon A bis Z\u201c hat gemeinsam mit interessierten Schulen (Gymnasium Gro\u00df Ilsede, IGS Lengede, IGS Peine\/V\u00f6hrum, Julius-Spiegelberg-Gymnasium Vechelde) zun\u00e4chst f\u00fcr vier Ausstellungsorte im Peiner Land ein innovatives und zeitgem\u00e4\u00dfes Format der Wissensvermittlung erarbeitet.<br \/>\nKonkret hei\u00dft das: Sch\u00fcler*innen besuchten die beteiligten Ausstellungsorte und entwickelten Projekte und Formate zur Vermittlung regionaler Geschichte mit Hilfe einer \u201eLehr- und Lernbox: Design-Thinking im Peiner Land\u201c f\u00fcr eine selbstgew\u00e4hlte Zielgruppe. Damit wurde die regionale Geschichte im Zusammenhang mit dem Ausstellungsort aus der Perspektive der Sch\u00fcler*innen greif- und nachvollziehbar.<br \/>\nNun haben andere Sch\u00fcler*innen die Chance, die vorgelegten Projekte zu erg\u00e4nzen, zu diskutieren und weiterzuentwickeln. Ziel dabei ist es, Jugendlichen und zuk\u00fcnftig Erwachsenen die M\u00f6glichkeit zu geben, ihr Interesse an regionaler Kulturentwicklung im Peiner Land zu wecken und an der Geschichte des Peiner Landes auch au\u00dferhalb der Schule und des Berufslebens teilzuhaben.<\/p>\n<p>Sie m\u00f6chten selbst die Geschichte der Region erleben?<br \/>\nBesuchen Sie gerne die an dem Projekt beteiligten Ausstellungen:<\/p>\n<ul>\n<li><strong>Bergbauausstellung Lengede:<\/strong> Vallstedter Weg 1, Lengede. <a href=\"https:\/\/www.lengede.de\/portal\/seiten\/dauerausstellung-900000045-26560.html\">Hier<\/a> geht es zur Website.<\/li>\n<li><strong>Industriepfad und Umformerstation\/Ilseder H\u00fctte:<\/strong> Zum Wasserturm 32, Ilsede. <a href=\"http:\/\/www.umformerstation.de\/\">Hier<\/a> geht es zur Website.<\/li>\n<li><strong>Kreismuseum Peine:<\/strong> Sterderdorferstra\u00dfe 17, Peine. <a href=\"https:\/\/www.kreismuseum-peine.de\/\">Hier<\/a> geht es zur Website.<\/li>\n<li><strong>Zeitr\u00e4ume Bodenstedt:<\/strong> Hauptstra\u00dfe 10, Vechelde-Bodenstedt. <a href=\"https:\/\/zeitorte.de\/poi\/zeitraeume-bodenstedt\">Hier<\/a> geht es zur Website.<\/li>\n<\/ul>\n<p><a href=\"http:\/\/www.kultur-peinerland.de\/\">Hier<\/a> geht es zur Website der Servicestelle Kultur.[\/vc_column_text][vc_gallery type=&#8221;image_grid&#8221; images=&#8221;2876,2877&#8243;][vc_column_text]<\/p>\n<h4><b>Projekttr\u00e4ger <\/b><\/h4>\n<p>Landkreis Peine\/Servicestelle Kultur\/Fachdienst Schule, Kultur, Sport<\/p>\n<h4><strong>Ansprechpartner<br \/>\n<\/strong><\/h4>\n<p>Anna-Lisa Bister, Gregor\u00a0Pellacini<\/p>\n<h4><strong>Projektbeteiligte<\/strong><\/h4>\n<p>Industriepfad und Umformerstation\/Ilseder H\u00fctte, Zeitr\u00e4ume Bodenstedt, Kreismuseum Peine, Bergbauaustellung Lengede, Schulen, wito gmbh[\/vc_column_text][vc_column_text]<strong>Gesamtkosten: <\/strong>30.000 \u20ac<br \/>\n<strong>Leader-Zuschuss:<\/strong> rund 24.000 \u20ac<\/p>\n<p><strong>Umsetzungsstand:<\/strong> umgesetzt[\/vc_column_text][\/vc_column][\/vc_row]<\/p>\n<\/section>","protected":false},"excerpt":{"rendered":"<p>[vc_row full_width=&#8221;stretch_row_content_no_spaces&#8221;][vc_column][vc_column_text][\/vc_column_text][\/vc_column][\/vc_row][vc_row][vc_column width=&#8221;1\/4&#8243;][vc_column_text] Projekte 2014-2020 [\/vc_column_text][\/vc_column][vc_column width=&#8221;3\/4&#8243;][vc_raw_js]JTNDZGl2JTIwY2xhc3MlM0QlMjJjb250YWN0LWhlYWRlci1pbmxpbmUtYXJvdW5kJTIyJTNFJTBBJTNDZGl2JTIwY2xhc3MlM0QlMjJjb250YWN0LWhlYWRlci1pbmxpbmUtNSUyMiUzRSUzQ2ElMjBocmVmJTNEJTIyamF2YXNjcmlwdCUzQXdpbmRvdy5wcmludCUyOCUyOSUyMiUzRSUzQ2ltZyUyMHNyYyUzRCUyMmh0dHBzJTNBJTJGJTJGcmVnaW9uLXBlaW5lci1sYW5kLmRlJTJGd3AtY29udGVudCUyRnVwbG9hZHMlMkZwcmludC1idXR0b24tYmx1ZS1lMTUxOTgyMTA3MDg5MS5wbmclMjIlMjBhbHQlM0QlMjJTZWl0ZSUyMGRydWNrZW4lMjIlMjBpZCUzRCUyMnByaW50LWJ1dHRvbiUyMiUyMCUyRiUzRSUzQyUyRmElM0UlM0MlMkZkaXYlM0UlMEElM0MlMkZkaXYlM0U=[\/vc_raw_js][vc_column_text css=&#8221;.vc_custom_1670427517911{margin-top: 10px !important;margin-bottom: 45px !important;}&#8221;] \u201eGeschichte (be)greifen\u201c \u2013 Vermittlungskonzeption f\u00fcr Ausstellungsorte im Peiner Land Dieses Projekt zur Vermittlung regionaler Geschichte im Peiner Land hat einen wichtigen Baustein f\u00fcr einen lebendigen und anschaulichen Schulunterricht, aber auch f\u00fcr die lokale Kulturentwicklung und -vermittlung geschaffen. Die von der Servicestelle Kultur beauftragte [&hellip;]<\/p>\n","protected":false},"author":4,"featured_media":0,"parent":0,"menu_order":2,"comment_status":"closed","ping_status":"closed","template":"","meta":{"iawp_total_views":3,"footnotes":""},"class_list":["post-2555","page","type-page","status-publish","hentry"],"_links":{"self":[{"href":"https:\/\/www.region-peiner-land.de\/index.php\/wp-json\/wp\/v2\/pages\/2555","targetHints":{"allow":["GET"]}}],"collection":[{"href":"https:\/\/www.region-peiner-land.de\/index.php\/wp-json\/wp\/v2\/pages"}],"about":[{"href":"https:\/\/www.region-peiner-land.de\/index.php\/wp-json\/wp\/v2\/types\/page"}],"author":[{"embeddable":true,"href":"https:\/\/www.region-peiner-land.de\/index.php\/wp-json\/wp\/v2\/users\/4"}],"replies":[{"embeddable":true,"href":"https:\/\/www.region-peiner-land.de\/index.php\/wp-json\/wp\/v2\/comments?post=2555"}],"version-history":[{"count":8,"href":"https:\/\/www.region-peiner-land.de\/index.php\/wp-json\/wp\/v2\/pages\/2555\/revisions"}],"predecessor-version":[{"id":2878,"href":"https:\/\/www.region-peiner-land.de\/index.php\/wp-json\/wp\/v2\/pages\/2555\/revisions\/2878"}],"wp:attachment":[{"href":"https:\/\/www.region-peiner-land.de\/index.php\/wp-json\/wp\/v2\/media?parent=2555"}],"curies":[{"name":"wp","href":"https:\/\/api.w.org\/{rel}","templated":true}]}}

„Geschichte (be)greifen“ – Vermittlungskonzeption für Ausstellungsorte im Peiner Land

<section class="wpb-content-wrapper"><p>[vc_row full_width=&#8221;stretch_row_content_no_spaces&#8221;][vc_column][vc_column_text]<div id="metaslider-id-218" style="width: 100%;" class="ml-slider-3-108-0 metaslider metaslider-flex metaslider-218 ml-slider ms-theme-default nav-hidden" role="region" aria-label="2 Arbeitsfelder" data-height="400" data-width="2200">
    <div id="metaslider_container_218">
        <div id="metaslider_218">
            <ul class='slides'>
                <li style="display: block; width: 100%;" class="slide-1937 ms-image " aria-roledescription="slide" data-date="2018-02-28 10:24:35" data-filename="IlsederHuette2.jpg" data-slide-type="image"><img loading="lazy" decoding="async" src="https://www.region-peiner-land.de/wp-content/uploads/IlsederHuette2.jpg" height="400" width="2200" alt="" class="slider-218 slide-1937 msDefaultImage" /></li>
                <li style="display: none; width: 100%;" class="slide-1938 ms-image " aria-roledescription="slide" data-date="2018-02-28 10:24:36" data-filename="Park-Vechelde_P1040431.jpg" data-slide-type="image"><img loading="lazy" decoding="async" src="https://www.region-peiner-land.de/wp-content/uploads/Park-Vechelde_P1040431.jpg" height="400" width="2200" alt="" class="slider-218 slide-1938 msDefaultImage" /></li>
                <li style="display: none; width: 100%;" class="slide-1939 ms-image " aria-roledescription="slide" data-date="2018-02-28 10:24:36" data-filename="Seilbahnberg-Ausblick-Lengede-8.jpg" data-slide-type="image"><img loading="lazy" decoding="async" src="https://www.region-peiner-land.de/wp-content/uploads/Seilbahnberg-Ausblick-Lengede-8.jpg" height="400" width="2200" alt="" class="slider-218 slide-1939 msDefaultImage" /></li>
                <li style="display: none; width: 100%;" class="slide-1940 ms-image " aria-roledescription="slide" data-date="2018-02-28 10:24:36" data-filename="Windmühle-Wendeburg-2.JPG.jpg" data-slide-type="image"><img loading="lazy" decoding="async" src="https://www.region-peiner-land.de/wp-content/uploads/Windmühle-Wendeburg-2.JPG.jpg" height="400" width="2200" alt="" class="slider-218 slide-1940 msDefaultImage" /></li>
                <li style="display: none; width: 100%;" class="slide-1936 ms-image " aria-roledescription="slide" data-date="2018-02-28 10:24:35" data-filename="Hofanlage-Plockhorst-2.jpg" data-slide-type="image"><img loading="lazy" decoding="async" src="https://www.region-peiner-land.de/wp-content/uploads/Hofanlage-Plockhorst-2.jpg" height="400" width="2200" alt="" class="slider-218 slide-1936 msDefaultImage" /></li>
                <li style="display: none; width: 100%;" class="slide-1935 ms-image " aria-roledescription="slide" data-date="2018-02-28 10:24:35" data-filename="Amthof-Peine-8.JPG.jpg" data-slide-type="image"><img loading="lazy" decoding="async" src="https://www.region-peiner-land.de/wp-content/uploads/Amthof-Peine-8.JPG.jpg" height="400" width="2200" alt="" class="slider-218 slide-1935 msDefaultImage" /></li>
            </ul>
        </div>
        
    </div>
</div>[/vc_column_text][/vc_column][/vc_row][vc_row][vc_column width=&#8221;1/4&#8243;][vc_column_text]</p>
<div class="content-out">
<div class="content-list active-menu-left" style="text-align: left;"><a href="https://www.region-peiner-land.de/index.php/leader-2014-2020-2/#1518691329687-549a5c26-0481">Projekte 2014-2020</a></div>
</div>
<p>[/vc_column_text][/vc_column][vc_column width=&#8221;3/4&#8243;][vc_raw_js]JTNDZGl2JTIwY2xhc3MlM0QlMjJjb250YWN0LWhlYWRlci1pbmxpbmUtYXJvdW5kJTIyJTNFJTBBJTNDZGl2JTIwY2xhc3MlM0QlMjJjb250YWN0LWhlYWRlci1pbmxpbmUtNSUyMiUzRSUzQ2ElMjBocmVmJTNEJTIyamF2YXNjcmlwdCUzQXdpbmRvdy5wcmludCUyOCUyOSUyMiUzRSUzQ2ltZyUyMHNyYyUzRCUyMmh0dHBzJTNBJTJGJTJGcmVnaW9uLXBlaW5lci1sYW5kLmRlJTJGd3AtY29udGVudCUyRnVwbG9hZHMlMkZwcmludC1idXR0b24tYmx1ZS1lMTUxOTgyMTA3MDg5MS5wbmclMjIlMjBhbHQlM0QlMjJTZWl0ZSUyMGRydWNrZW4lMjIlMjBpZCUzRCUyMnByaW50LWJ1dHRvbiUyMiUyMCUyRiUzRSUzQyUyRmElM0UlM0MlMkZkaXYlM0UlMEElM0MlMkZkaXYlM0U=[/vc_raw_js][vc_column_text css=&#8221;.vc_custom_1670427517911{margin-top: 10px !important;margin-bottom: 45px !important;}&#8221;]</p>
<h1>„Geschichte (be)greifen“ – Vermittlungskonzeption für Ausstellungsorte im Peiner Land</h1>
<p class="Text">Dieses Projekt zur Vermittlung regionaler Geschichte im Peiner Land hat einen wichtigen Baustein für einen lebendigen und anschaulichen Schulunterricht, aber auch für die lokale Kulturentwicklung und -vermittlung geschaffen.<br />
Die von der Servicestelle Kultur beauftragte Braunschweiger Innovationsagentur „von A bis Z“ hat gemeinsam mit interessierten Schulen (Gymnasium Groß Ilsede, IGS Lengede, IGS Peine/Vöhrum, Julius-Spiegelberg-Gymnasium Vechelde) zunächst für vier Ausstellungsorte im Peiner Land ein innovatives und zeitgemäßes Format der Wissensvermittlung erarbeitet.<br />
Konkret heißt das: Schüler*innen besuchten die beteiligten Ausstellungsorte und entwickelten Projekte und Formate zur Vermittlung regionaler Geschichte mit Hilfe einer „Lehr- und Lernbox: Design-Thinking im Peiner Land“ für eine selbstgewählte Zielgruppe. Damit wurde die regionale Geschichte im Zusammenhang mit dem Ausstellungsort aus der Perspektive der Schüler*innen greif- und nachvollziehbar.<br />
Nun haben andere Schüler*innen die Chance, die vorgelegten Projekte zu ergänzen, zu diskutieren und weiterzuentwickeln. Ziel dabei ist es, Jugendlichen und zukünftig Erwachsenen die Möglichkeit zu geben, ihr Interesse an regionaler Kulturentwicklung im Peiner Land zu wecken und an der Geschichte des Peiner Landes auch außerhalb der Schule und des Berufslebens teilzuhaben.</p>
<p>Sie möchten selbst die Geschichte der Region erleben?<br />
Besuchen Sie gerne die an dem Projekt beteiligten Ausstellungen:</p>
<ul>
<li><strong>Bergbauausstellung Lengede:</strong> Vallstedter Weg 1, Lengede. <a href="https://www.lengede.de/portal/seiten/dauerausstellung-900000045-26560.html">Hier</a> geht es zur Website.</li>
<li><strong>Industriepfad und Umformerstation/Ilseder Hütte:</strong> Zum Wasserturm 32, Ilsede. <a href="http://www.umformerstation.de/">Hier</a> geht es zur Website.</li>
<li><strong>Kreismuseum Peine:</strong> Sterderdorferstraße 17, Peine. <a href="https://www.kreismuseum-peine.de/">Hier</a> geht es zur Website.</li>
<li><strong>Zeiträume Bodenstedt:</strong> Hauptstraße 10, Vechelde-Bodenstedt. <a href="https://zeitorte.de/poi/zeitraeume-bodenstedt">Hier</a> geht es zur Website.</li>
</ul>
<p><a href="http://www.kultur-peinerland.de/">Hier</a> geht es zur Website der Servicestelle Kultur.[/vc_column_text][vc_gallery type=&#8221;image_grid&#8221; images=&#8221;2876,2877&#8243;][vc_column_text]</p>
<h4><b>Projektträger </b></h4>
<p>Landkreis Peine/Servicestelle Kultur/Fachdienst Schule, Kultur, Sport</p>
<h4><strong>Ansprechpartner<br />
</strong></h4>
<p>Anna-Lisa Bister, Gregor Pellacini</p>
<h4><strong>Projektbeteiligte</strong></h4>
<p>Industriepfad und Umformerstation/Ilseder Hütte, Zeiträume Bodenstedt, Kreismuseum Peine, Bergbauaustellung Lengede, Schulen, wito gmbh[/vc_column_text][vc_column_text]<strong>Gesamtkosten: </strong>30.000 €<br />
<strong>Leader-Zuschuss:</strong> rund 24.000 €</p>
<p><strong>Umsetzungsstand:</strong> umgesetzt[/vc_column_text][/vc_column][/vc_row]</p>
</section>

<p>[vc_row full_width=&#8221;stretch_row_content_no_spaces&#8221;][vc_column][vc_column_text][/vc_column_text][/vc_column][/vc_row][vc_row][vc_column width=&#8221;1/4&#8243;][vc_column_text] Projekte 2014-2020 [/vc_column_text][/vc_column][vc_column width=&#8221;3/4&#8243;][vc_raw_js]JTNDZGl2JTIwY2xhc3MlM0QlMjJjb250YWN0LWhlYWRlci1pbmxpbmUtYXJvdW5kJTIyJTNFJTBBJTNDZGl2JTIwY2xhc3MlM0QlMjJjb250YWN0LWhlYWRlci1pbmxpbmUtNSUyMiUzRSUzQ2ElMjBocmVmJTNEJTIyamF2YXNjcmlwdCUzQXdpbmRvdy5wcmludCUyOCUyOSUyMiUzRSUzQ2ltZyUyMHNyYyUzRCUyMmh0dHBzJTNBJTJGJTJGcmVnaW9uLXBlaW5lci1sYW5kLmRlJTJGd3AtY29udGVudCUyRnVwbG9hZHMlMkZwcmludC1idXR0b24tYmx1ZS1lMTUxOTgyMTA3MDg5MS5wbmclMjIlMjBhbHQlM0QlMjJTZWl0ZSUyMGRydWNrZW4lMjIlMjBpZCUzRCUyMnByaW50LWJ1dHRvbiUyMiUyMCUyRiUzRSUzQyUyRmElM0UlM0MlMkZkaXYlM0UlMEElM0MlMkZkaXYlM0U=[/vc_raw_js][vc_column_text css=&#8221;.vc_custom_1670427517911{margin-top: 10px !important;margin-bottom: 45px !important;}&#8221;] „Geschichte (be)greifen“ – Vermittlungskonzeption für Ausstellungsorte im Peiner Land Dieses Projekt zur Vermittlung regionaler Geschichte im Peiner Land hat einen wichtigen Baustein für einen lebendigen und anschaulichen Schulunterricht, aber auch für die lokale Kulturentwicklung und -vermittlung geschaffen. Die von der Servicestelle Kultur beauftragte [&hellip;]</p>
