{"id":2559,"date":"2022-12-01T14:00:40","date_gmt":"2022-12-01T13:00:40","guid":{"rendered":"https:\/\/www.region-peiner-land.de\/?page_id=2559"},"modified":"2022-12-14T10:24:30","modified_gmt":"2022-12-14T09:24:30","slug":"burgplatz","status":"publish","type":"page","link":"https:\/\/www.region-peiner-land.de\/index.php\/burgplatz\/","title":{"rendered":"Umgestaltung des Burgplatzes in \u00d6lsburg"},"content":{"rendered":"<section class=\"wpb-content-wrapper\"><p>[vc_row full_width=&#8221;stretch_row_content_no_spaces&#8221;][vc_column][vc_column_text]<div id=\"metaslider-id-218\" style=\"width: 100%;\" class=\"ml-slider-3-108-0 metaslider metaslider-flex metaslider-218 ml-slider ms-theme-default nav-hidden\" role=\"region\" aria-label=\"2 Arbeitsfelder\" data-height=\"400\" data-width=\"2200\">\n    <div id=\"metaslider_container_218\">\n        <div id=\"metaslider_218\">\n            <ul class='slides'>\n                <li style=\"display: block; width: 100%;\" class=\"slide-1937 ms-image \" aria-roledescription=\"slide\" data-date=\"2018-02-28 10:24:35\" data-filename=\"IlsederHuette2.jpg\" data-slide-type=\"image\"><img loading=\"lazy\" decoding=\"async\" src=\"https:\/\/www.region-peiner-land.de\/wp-content\/uploads\/IlsederHuette2.jpg\" height=\"400\" width=\"2200\" alt=\"\" class=\"slider-218 slide-1937 msDefaultImage\" \/><\/li>\n                <li style=\"display: none; width: 100%;\" class=\"slide-1938 ms-image \" aria-roledescription=\"slide\" data-date=\"2018-02-28 10:24:36\" data-filename=\"Park-Vechelde_P1040431.jpg\" data-slide-type=\"image\"><img loading=\"lazy\" decoding=\"async\" src=\"https:\/\/www.region-peiner-land.de\/wp-content\/uploads\/Park-Vechelde_P1040431.jpg\" height=\"400\" width=\"2200\" alt=\"\" class=\"slider-218 slide-1938 msDefaultImage\" \/><\/li>\n                <li style=\"display: none; width: 100%;\" class=\"slide-1939 ms-image \" aria-roledescription=\"slide\" data-date=\"2018-02-28 10:24:36\" data-filename=\"Seilbahnberg-Ausblick-Lengede-8.jpg\" data-slide-type=\"image\"><img loading=\"lazy\" decoding=\"async\" src=\"https:\/\/www.region-peiner-land.de\/wp-content\/uploads\/Seilbahnberg-Ausblick-Lengede-8.jpg\" height=\"400\" width=\"2200\" alt=\"\" class=\"slider-218 slide-1939 msDefaultImage\" \/><\/li>\n                <li style=\"display: none; width: 100%;\" class=\"slide-1940 ms-image \" aria-roledescription=\"slide\" data-date=\"2018-02-28 10:24:36\" data-filename=\"Windm\u00fchle-Wendeburg-2.JPG.jpg\" data-slide-type=\"image\"><img loading=\"lazy\" decoding=\"async\" src=\"https:\/\/www.region-peiner-land.de\/wp-content\/uploads\/Windm\u00fchle-Wendeburg-2.JPG.jpg\" height=\"400\" width=\"2200\" alt=\"\" class=\"slider-218 slide-1940 msDefaultImage\" \/><\/li>\n                <li style=\"display: none; width: 100%;\" class=\"slide-1936 ms-image \" aria-roledescription=\"slide\" data-date=\"2018-02-28 10:24:35\" data-filename=\"Hofanlage-Plockhorst-2.jpg\" data-slide-type=\"image\"><img loading=\"lazy\" decoding=\"async\" src=\"https:\/\/www.region-peiner-land.de\/wp-content\/uploads\/Hofanlage-Plockhorst-2.jpg\" height=\"400\" width=\"2200\" alt=\"\" class=\"slider-218 slide-1936 msDefaultImage\" \/><\/li>\n                <li style=\"display: none; width: 100%;\" class=\"slide-1935 ms-image \" aria-roledescription=\"slide\" data-date=\"2018-02-28 10:24:35\" data-filename=\"Amthof-Peine-8.JPG.jpg\" data-slide-type=\"image\"><img loading=\"lazy\" decoding=\"async\" src=\"https:\/\/www.region-peiner-land.de\/wp-content\/uploads\/Amthof-Peine-8.JPG.jpg\" height=\"400\" width=\"2200\" alt=\"\" class=\"slider-218 slide-1935 msDefaultImage\" \/><\/li>\n            <\/ul>\n        <\/div>\n        \n    <\/div>\n<\/div>[\/vc_column_text][\/vc_column][\/vc_row][vc_row][vc_column width=&#8221;1\/4&#8243;][vc_column_text]<\/p>\n<div class=\"content-out\">\n<div class=\"content-list active-menu-left\"><a style=\"text-decoration: none;\" href=\"http:\/\/index.php\/peiner-land\/\">Region Peiner Land<\/a><\/div>\n<\/div>\n<p>[\/vc_column_text][\/vc_column][vc_column width=&#8221;3\/4&#8243;][vc_raw_js]JTNDZGl2JTIwY2xhc3MlM0QlMjJjb250YWN0LWhlYWRlci1pbmxpbmUtYXJvdW5kJTIyJTNFJTBBJTNDZGl2JTIwY2xhc3MlM0QlMjJjb250YWN0LWhlYWRlci1pbmxpbmUtNSUyMiUzRSUzQ2ElMjBocmVmJTNEJTIyamF2YXNjcmlwdCUzQXdpbmRvdy5wcmludCUyOCUyOSUyMiUzRSUzQ2ltZyUyMHNyYyUzRCUyMmh0dHBzJTNBJTJGJTJGcmVnaW9uLXBlaW5lci1sYW5kLmRlJTJGd3AtY29udGVudCUyRnVwbG9hZHMlMkZwcmludC1idXR0b24tYmx1ZS1lMTUxOTgyMTA3MDg5MS5wbmclMjIlMjBhbHQlM0QlMjJTZWl0ZSUyMGRydWNrZW4lMjIlMjBpZCUzRCUyMnByaW50LWJ1dHRvbiUyMiUyMCUyRiUzRSUzQyUyRmElM0UlM0MlMkZkaXYlM0UlMEElM0MlMkZkaXYlM0U=[\/vc_raw_js][vc_column_text css=&#8221;.vc_custom_1671009838873{margin-top: 10px !important;margin-bottom: 45px !important;}&#8221;]<\/p>\n<h1>Umgestaltung des Burgplatzes in \u00d6lsburg<\/h1>\n<p>Die Gemeinde Ilsede hat auf Wunsch \u00d6lsburger Vereine und des Ortsrates den Burgplatz zu einem zentralen, den Ort pr\u00e4genden Platz umgestaltet. Es ist ein Mittelpunkt des d\u00f6rflichen Zusammenlebens in \u00d6lsburg entstanden, der vielf\u00e4ltig f\u00fcr d\u00f6rfliche und kulturelle Veranstaltungen genutzt werden kann. Der ehemalige ev.-luth. Friedhof und das Ehrenmal sind in die Ma\u00dfnahme eingebunden; zudem wurden Wege und ein Rondell gebaut. Der Platz ist barrierefrei nutzbar und es gibt ein Leitsystem f\u00fcr Blinde. Die Ortsgemeinschaft plant Gestaltungselemente wie B\u00e4ume und B\u00e4nke mit ehrenamtlichem Engagement und Spenden umzusetzen.<\/p>\n<p>\u00d6lsburg geh\u00f6rt zur Gemeinde Ilsede. Der Burgplatz befindet sich Ecke An der Kirche\/An der Fuhse.[\/vc_column_text][vc_gallery type=&#8221;image_grid&#8221; images=&#8221;2788,2787,2946&#8243; onclick=&#8221;img_link_large&#8221;][vc_column_text]<\/p>\n<h4><b>Projekttr\u00e4ger <\/b><\/h4>\n<p>Gemeinde Ilsede<\/p>\n<h4><strong>Ansprechpartner<br \/>\n<\/strong><\/h4>\n<p>Jens Bertram<\/p>\n<h4><b>Projektbeteiligte<\/b><\/h4>\n<p>Ortsrat \u00d6lsburg, \u00d6lsburger Vereine[\/vc_column_text][vc_column_text]<strong>Gesamtkosten: <\/strong>122.000 \u20ac<b><br \/>\nLeader-Zuschuss:<\/b> 98.000 \u20ac<\/p>\n<p><b>Umsetzung: <\/b>2019-2020<br \/>\n<b>Umsetzungsstand: <\/b>umgesetzt[\/vc_column_text][\/vc_column][\/vc_row]<\/p>\n<\/section>","protected":false},"excerpt":{"rendered":"<p>[vc_row full_width=&#8221;stretch_row_content_no_spaces&#8221;][vc_column][vc_column_text][\/vc_column_text][\/vc_column][\/vc_row][vc_row][vc_column width=&#8221;1\/4&#8243;][vc_column_text] Region Peiner Land [\/vc_column_text][\/vc_column][vc_column width=&#8221;3\/4&#8243;][vc_raw_js]JTNDZGl2JTIwY2xhc3MlM0QlMjJjb250YWN0LWhlYWRlci1pbmxpbmUtYXJvdW5kJTIyJTNFJTBBJTNDZGl2JTIwY2xhc3MlM0QlMjJjb250YWN0LWhlYWRlci1pbmxpbmUtNSUyMiUzRSUzQ2ElMjBocmVmJTNEJTIyamF2YXNjcmlwdCUzQXdpbmRvdy5wcmludCUyOCUyOSUyMiUzRSUzQ2ltZyUyMHNyYyUzRCUyMmh0dHBzJTNBJTJGJTJGcmVnaW9uLXBlaW5lci1sYW5kLmRlJTJGd3AtY29udGVudCUyRnVwbG9hZHMlMkZwcmludC1idXR0b24tYmx1ZS1lMTUxOTgyMTA3MDg5MS5wbmclMjIlMjBhbHQlM0QlMjJTZWl0ZSUyMGRydWNrZW4lMjIlMjBpZCUzRCUyMnByaW50LWJ1dHRvbiUyMiUyMCUyRiUzRSUzQyUyRmElM0UlM0MlMkZkaXYlM0UlMEElM0MlMkZkaXYlM0U=[\/vc_raw_js][vc_column_text css=&#8221;.vc_custom_1671009838873{margin-top: 10px !important;margin-bottom: 45px !important;}&#8221;] Umgestaltung des Burgplatzes in \u00d6lsburg Die Gemeinde Ilsede hat auf Wunsch \u00d6lsburger Vereine und des Ortsrates den Burgplatz zu einem zentralen, den Ort pr\u00e4genden Platz umgestaltet. Es ist ein Mittelpunkt des d\u00f6rflichen Zusammenlebens in \u00d6lsburg entstanden, der vielf\u00e4ltig f\u00fcr d\u00f6rfliche und kulturelle [&hellip;]<\/p>\n","protected":false},"author":4,"featured_media":0,"parent":0,"menu_order":2,"comment_status":"closed","ping_status":"closed","template":"","meta":{"iawp_total_views":6,"footnotes":""},"class_list":["post-2559","page","type-page","status-publish","hentry"],"_links":{"self":[{"href":"https:\/\/www.region-peiner-land.de\/index.php\/wp-json\/wp\/v2\/pages\/2559","targetHints":{"allow":["GET"]}}],"collection":[{"href":"https:\/\/www.region-peiner-land.de\/index.php\/wp-json\/wp\/v2\/pages"}],"about":[{"href":"https:\/\/www.region-peiner-land.de\/index.php\/wp-json\/wp\/v2\/types\/page"}],"author":[{"embeddable":true,"href":"https:\/\/www.region-peiner-land.de\/index.php\/wp-json\/wp\/v2\/users\/4"}],"replies":[{"embeddable":true,"href":"https:\/\/www.region-peiner-land.de\/index.php\/wp-json\/wp\/v2\/comments?post=2559"}],"version-history":[{"count":8,"href":"https:\/\/www.region-peiner-land.de\/index.php\/wp-json\/wp\/v2\/pages\/2559\/revisions"}],"predecessor-version":[{"id":2947,"href":"https:\/\/www.region-peiner-land.de\/index.php\/wp-json\/wp\/v2\/pages\/2559\/revisions\/2947"}],"wp:attachment":[{"href":"https:\/\/www.region-peiner-land.de\/index.php\/wp-json\/wp\/v2\/media?parent=2559"}],"curies":[{"name":"wp","href":"https:\/\/api.w.org\/{rel}","templated":true}]}}

Umgestaltung des Burgplatzes in Ölsburg

<section class="wpb-content-wrapper"><p>[vc_row full_width=&#8221;stretch_row_content_no_spaces&#8221;][vc_column][vc_column_text]<div id="metaslider-id-218" style="width: 100%;" class="ml-slider-3-108-0 metaslider metaslider-flex metaslider-218 ml-slider ms-theme-default nav-hidden" role="region" aria-label="2 Arbeitsfelder" data-height="400" data-width="2200">
    <div id="metaslider_container_218">
        <div id="metaslider_218">
            <ul class='slides'>
                <li style="display: block; width: 100%;" class="slide-1937 ms-image " aria-roledescription="slide" data-date="2018-02-28 10:24:35" data-filename="IlsederHuette2.jpg" data-slide-type="image"><img loading="lazy" decoding="async" src="https://www.region-peiner-land.de/wp-content/uploads/IlsederHuette2.jpg" height="400" width="2200" alt="" class="slider-218 slide-1937 msDefaultImage" /></li>
                <li style="display: none; width: 100%;" class="slide-1938 ms-image " aria-roledescription="slide" data-date="2018-02-28 10:24:36" data-filename="Park-Vechelde_P1040431.jpg" data-slide-type="image"><img loading="lazy" decoding="async" src="https://www.region-peiner-land.de/wp-content/uploads/Park-Vechelde_P1040431.jpg" height="400" width="2200" alt="" class="slider-218 slide-1938 msDefaultImage" /></li>
                <li style="display: none; width: 100%;" class="slide-1939 ms-image " aria-roledescription="slide" data-date="2018-02-28 10:24:36" data-filename="Seilbahnberg-Ausblick-Lengede-8.jpg" data-slide-type="image"><img loading="lazy" decoding="async" src="https://www.region-peiner-land.de/wp-content/uploads/Seilbahnberg-Ausblick-Lengede-8.jpg" height="400" width="2200" alt="" class="slider-218 slide-1939 msDefaultImage" /></li>
                <li style="display: none; width: 100%;" class="slide-1940 ms-image " aria-roledescription="slide" data-date="2018-02-28 10:24:36" data-filename="Windmühle-Wendeburg-2.JPG.jpg" data-slide-type="image"><img loading="lazy" decoding="async" src="https://www.region-peiner-land.de/wp-content/uploads/Windmühle-Wendeburg-2.JPG.jpg" height="400" width="2200" alt="" class="slider-218 slide-1940 msDefaultImage" /></li>
                <li style="display: none; width: 100%;" class="slide-1936 ms-image " aria-roledescription="slide" data-date="2018-02-28 10:24:35" data-filename="Hofanlage-Plockhorst-2.jpg" data-slide-type="image"><img loading="lazy" decoding="async" src="https://www.region-peiner-land.de/wp-content/uploads/Hofanlage-Plockhorst-2.jpg" height="400" width="2200" alt="" class="slider-218 slide-1936 msDefaultImage" /></li>
                <li style="display: none; width: 100%;" class="slide-1935 ms-image " aria-roledescription="slide" data-date="2018-02-28 10:24:35" data-filename="Amthof-Peine-8.JPG.jpg" data-slide-type="image"><img loading="lazy" decoding="async" src="https://www.region-peiner-land.de/wp-content/uploads/Amthof-Peine-8.JPG.jpg" height="400" width="2200" alt="" class="slider-218 slide-1935 msDefaultImage" /></li>
            </ul>
        </div>
        
    </div>
</div>[/vc_column_text][/vc_column][/vc_row][vc_row][vc_column width=&#8221;1/4&#8243;][vc_column_text]</p>
<div class="content-out">
<div class="content-list active-menu-left"><a style="text-decoration: none;" href="http://index.php/peiner-land/">Region Peiner Land</a></div>
</div>
<p>[/vc_column_text][/vc_column][vc_column width=&#8221;3/4&#8243;][vc_raw_js]JTNDZGl2JTIwY2xhc3MlM0QlMjJjb250YWN0LWhlYWRlci1pbmxpbmUtYXJvdW5kJTIyJTNFJTBBJTNDZGl2JTIwY2xhc3MlM0QlMjJjb250YWN0LWhlYWRlci1pbmxpbmUtNSUyMiUzRSUzQ2ElMjBocmVmJTNEJTIyamF2YXNjcmlwdCUzQXdpbmRvdy5wcmludCUyOCUyOSUyMiUzRSUzQ2ltZyUyMHNyYyUzRCUyMmh0dHBzJTNBJTJGJTJGcmVnaW9uLXBlaW5lci1sYW5kLmRlJTJGd3AtY29udGVudCUyRnVwbG9hZHMlMkZwcmludC1idXR0b24tYmx1ZS1lMTUxOTgyMTA3MDg5MS5wbmclMjIlMjBhbHQlM0QlMjJTZWl0ZSUyMGRydWNrZW4lMjIlMjBpZCUzRCUyMnByaW50LWJ1dHRvbiUyMiUyMCUyRiUzRSUzQyUyRmElM0UlM0MlMkZkaXYlM0UlMEElM0MlMkZkaXYlM0U=[/vc_raw_js][vc_column_text css=&#8221;.vc_custom_1671009838873{margin-top: 10px !important;margin-bottom: 45px !important;}&#8221;]</p>
<h1>Umgestaltung des Burgplatzes in Ölsburg</h1>
<p>Die Gemeinde Ilsede hat auf Wunsch Ölsburger Vereine und des Ortsrates den Burgplatz zu einem zentralen, den Ort prägenden Platz umgestaltet. Es ist ein Mittelpunkt des dörflichen Zusammenlebens in Ölsburg entstanden, der vielfältig für dörfliche und kulturelle Veranstaltungen genutzt werden kann. Der ehemalige ev.-luth. Friedhof und das Ehrenmal sind in die Maßnahme eingebunden; zudem wurden Wege und ein Rondell gebaut. Der Platz ist barrierefrei nutzbar und es gibt ein Leitsystem für Blinde. Die Ortsgemeinschaft plant Gestaltungselemente wie Bäume und Bänke mit ehrenamtlichem Engagement und Spenden umzusetzen.</p>
<p>Ölsburg gehört zur Gemeinde Ilsede. Der Burgplatz befindet sich Ecke An der Kirche/An der Fuhse.[/vc_column_text][vc_gallery type=&#8221;image_grid&#8221; images=&#8221;2788,2787,2946&#8243; onclick=&#8221;img_link_large&#8221;][vc_column_text]</p>
<h4><b>Projektträger </b></h4>
<p>Gemeinde Ilsede</p>
<h4><strong>Ansprechpartner<br />
</strong></h4>
<p>Jens Bertram</p>
<h4><b>Projektbeteiligte</b></h4>
<p>Ortsrat Ölsburg, Ölsburger Vereine[/vc_column_text][vc_column_text]<strong>Gesamtkosten: </strong>122.000 €<b><br />
Leader-Zuschuss:</b> 98.000 €</p>
<p><b>Umsetzung: </b>2019-2020<br />
<b>Umsetzungsstand: </b>umgesetzt[/vc_column_text][/vc_column][/vc_row]</p>
</section>

<p>[vc_row full_width=&#8221;stretch_row_content_no_spaces&#8221;][vc_column][vc_column_text][/vc_column_text][/vc_column][/vc_row][vc_row][vc_column width=&#8221;1/4&#8243;][vc_column_text] Region Peiner Land [/vc_column_text][/vc_column][vc_column width=&#8221;3/4&#8243;][vc_raw_js]JTNDZGl2JTIwY2xhc3MlM0QlMjJjb250YWN0LWhlYWRlci1pbmxpbmUtYXJvdW5kJTIyJTNFJTBBJTNDZGl2JTIwY2xhc3MlM0QlMjJjb250YWN0LWhlYWRlci1pbmxpbmUtNSUyMiUzRSUzQ2ElMjBocmVmJTNEJTIyamF2YXNjcmlwdCUzQXdpbmRvdy5wcmludCUyOCUyOSUyMiUzRSUzQ2ltZyUyMHNyYyUzRCUyMmh0dHBzJTNBJTJGJTJGcmVnaW9uLXBlaW5lci1sYW5kLmRlJTJGd3AtY29udGVudCUyRnVwbG9hZHMlMkZwcmludC1idXR0b24tYmx1ZS1lMTUxOTgyMTA3MDg5MS5wbmclMjIlMjBhbHQlM0QlMjJTZWl0ZSUyMGRydWNrZW4lMjIlMjBpZCUzRCUyMnByaW50LWJ1dHRvbiUyMiUyMCUyRiUzRSUzQyUyRmElM0UlM0MlMkZkaXYlM0UlMEElM0MlMkZkaXYlM0U=[/vc_raw_js][vc_column_text css=&#8221;.vc_custom_1671009838873{margin-top: 10px !important;margin-bottom: 45px !important;}&#8221;] Umgestaltung des Burgplatzes in Ölsburg Die Gemeinde Ilsede hat auf Wunsch Ölsburger Vereine und des Ortsrates den Burgplatz zu einem zentralen, den Ort prägenden Platz umgestaltet. Es ist ein Mittelpunkt des dörflichen Zusammenlebens in Ölsburg entstanden, der vielfältig für dörfliche und kulturelle [&hellip;]</p>
