{"id":2573,"date":"2022-12-01T13:44:05","date_gmt":"2022-12-01T12:44:05","guid":{"rendered":"https:\/\/www.region-peiner-land.de\/?page_id=2573"},"modified":"2022-12-14T13:23:15","modified_gmt":"2022-12-14T12:23:15","slug":"bienenweide","status":"publish","type":"page","link":"https:\/\/www.region-peiner-land.de\/index.php\/bienenweide\/","title":{"rendered":"Neugestaltung einer Bienenweide auf dem Friedhof Gro\u00df Ilsede"},"content":{"rendered":"<section class=\"wpb-content-wrapper\"><p>[vc_row full_width=&#8221;stretch_row_content_no_spaces&#8221;][vc_column][vc_column_text]<div id=\"metaslider-id-218\" style=\"width: 100%;\" class=\"ml-slider-3-108-0 metaslider metaslider-flex metaslider-218 ml-slider ms-theme-default nav-hidden\" role=\"region\" aria-label=\"2 Arbeitsfelder\" data-height=\"400\" data-width=\"2200\">\n    <div id=\"metaslider_container_218\">\n        <div id=\"metaslider_218\">\n            <ul class='slides'>\n                <li style=\"display: block; width: 100%;\" class=\"slide-1937 ms-image \" aria-roledescription=\"slide\" data-date=\"2018-02-28 10:24:35\" data-filename=\"IlsederHuette2.jpg\" data-slide-type=\"image\"><img loading=\"lazy\" decoding=\"async\" src=\"https:\/\/www.region-peiner-land.de\/wp-content\/uploads\/IlsederHuette2.jpg\" height=\"400\" width=\"2200\" alt=\"\" class=\"slider-218 slide-1937 msDefaultImage\" \/><\/li>\n                <li style=\"display: none; width: 100%;\" class=\"slide-1938 ms-image \" aria-roledescription=\"slide\" data-date=\"2018-02-28 10:24:36\" data-filename=\"Park-Vechelde_P1040431.jpg\" data-slide-type=\"image\"><img loading=\"lazy\" decoding=\"async\" src=\"https:\/\/www.region-peiner-land.de\/wp-content\/uploads\/Park-Vechelde_P1040431.jpg\" height=\"400\" width=\"2200\" alt=\"\" class=\"slider-218 slide-1938 msDefaultImage\" \/><\/li>\n                <li style=\"display: none; width: 100%;\" class=\"slide-1939 ms-image \" aria-roledescription=\"slide\" data-date=\"2018-02-28 10:24:36\" data-filename=\"Seilbahnberg-Ausblick-Lengede-8.jpg\" data-slide-type=\"image\"><img loading=\"lazy\" decoding=\"async\" src=\"https:\/\/www.region-peiner-land.de\/wp-content\/uploads\/Seilbahnberg-Ausblick-Lengede-8.jpg\" height=\"400\" width=\"2200\" alt=\"\" class=\"slider-218 slide-1939 msDefaultImage\" \/><\/li>\n                <li style=\"display: none; width: 100%;\" class=\"slide-1940 ms-image \" aria-roledescription=\"slide\" data-date=\"2018-02-28 10:24:36\" data-filename=\"Windm\u00fchle-Wendeburg-2.JPG.jpg\" data-slide-type=\"image\"><img loading=\"lazy\" decoding=\"async\" src=\"https:\/\/www.region-peiner-land.de\/wp-content\/uploads\/Windm\u00fchle-Wendeburg-2.JPG.jpg\" height=\"400\" width=\"2200\" alt=\"\" class=\"slider-218 slide-1940 msDefaultImage\" \/><\/li>\n                <li style=\"display: none; width: 100%;\" class=\"slide-1936 ms-image \" aria-roledescription=\"slide\" data-date=\"2018-02-28 10:24:35\" data-filename=\"Hofanlage-Plockhorst-2.jpg\" data-slide-type=\"image\"><img loading=\"lazy\" decoding=\"async\" src=\"https:\/\/www.region-peiner-land.de\/wp-content\/uploads\/Hofanlage-Plockhorst-2.jpg\" height=\"400\" width=\"2200\" alt=\"\" class=\"slider-218 slide-1936 msDefaultImage\" \/><\/li>\n                <li style=\"display: none; width: 100%;\" class=\"slide-1935 ms-image \" aria-roledescription=\"slide\" data-date=\"2018-02-28 10:24:35\" data-filename=\"Amthof-Peine-8.JPG.jpg\" data-slide-type=\"image\"><img loading=\"lazy\" decoding=\"async\" src=\"https:\/\/www.region-peiner-land.de\/wp-content\/uploads\/Amthof-Peine-8.JPG.jpg\" height=\"400\" width=\"2200\" alt=\"\" class=\"slider-218 slide-1935 msDefaultImage\" \/><\/li>\n            <\/ul>\n        <\/div>\n        \n    <\/div>\n<\/div>[\/vc_column_text][\/vc_column][\/vc_row][vc_row][vc_column width=&#8221;1\/4&#8243;][vc_column_text]<\/p>\n<div class=\"content-out\">\n<div class=\"content-list active-menu-left\"><a style=\"text-decoration: none;\" href=\"http:\/\/index.php\/peiner-land\/\">Region Peiner Land<\/a><\/div>\n<\/div>\n<p>[\/vc_column_text][\/vc_column][vc_column width=&#8221;3\/4&#8243;][vc_raw_js]JTNDZGl2JTIwY2xhc3MlM0QlMjJjb250YWN0LWhlYWRlci1pbmxpbmUtYXJvdW5kJTIyJTNFJTBBJTNDZGl2JTIwY2xhc3MlM0QlMjJjb250YWN0LWhlYWRlci1pbmxpbmUtNSUyMiUzRSUzQ2ElMjBocmVmJTNEJTIyamF2YXNjcmlwdCUzQXdpbmRvdy5wcmludCUyOCUyOSUyMiUzRSUzQ2ltZyUyMHNyYyUzRCUyMmh0dHBzJTNBJTJGJTJGcmVnaW9uLXBlaW5lci1sYW5kLmRlJTJGd3AtY29udGVudCUyRnVwbG9hZHMlMkZwcmludC1idXR0b24tYmx1ZS1lMTUxOTgyMTA3MDg5MS5wbmclMjIlMjBhbHQlM0QlMjJTZWl0ZSUyMGRydWNrZW4lMjIlMjBpZCUzRCUyMnByaW50LWJ1dHRvbiUyMiUyMCUyRiUzRSUzQyUyRmElM0UlM0MlMkZkaXYlM0UlMEElM0MlMkZkaXYlM0U=[\/vc_raw_js][vc_column_text css=&#8221;.vc_custom_1671020570021{margin-top: 10px !important;margin-bottom: 45px !important;}&#8221;]<\/p>\n<h1>Neugestaltung einer Bienenweide auf dem Friedhof Gro\u00df Ilsede<\/h1>\n<p>Auf dem Friedhof in Gro\u00df Ilsede \u201eAm Walde\u201c wurde mit Eigenmitteln der Gemeinde Ilsede eine Bienenweide hergerichtet, um dem massiven Bienensterben entgegenzuwirken. Der Friedhof ist ein Ort der Begegnung und im LEADER-Prozess ist die Idee gereift, eine Bienenweide auf dem Friedhof die B\u00fcrgerinnen und B\u00fcrger f\u00fcr ein naturbewusstes Handeln und Denken anzuregen. Daf\u00fcr wurden zus\u00e4tzliche Wege gebaut, die Barrierefreiheit hergestellt sowie 70 pflegeleichte Rasensarggrabst\u00e4tten und 200-300 Urnengrabst\u00e4tten unter Bestattungsb\u00e4ume eingerichtet. Zudem wurden Alleeb\u00e4ume und \u201eHortensieng\u00e4rtchen\u201c zwischen den Hauptstra\u00dfen gepflanzt.[\/vc_column_text][vc_gallery type=&#8221;image_grid&#8221; images=&#8221;2612&#8243; onclick=&#8221;img_link_large&#8221;][vc_column_text]<\/p>\n<h4><b>Projekttr\u00e4ger <\/b><\/h4>\n<p>Gemeinde Ilsede<\/p>\n<h4><strong>Ansprechpartner<br \/>\n<\/strong><\/h4>\n<p>Jens Bertram<\/p>\n<h4><b>Projektbeteiligte <\/b><\/h4>\n<p>Eigent\u00fcmer des Friedhofes ist die Gemeinde Ilsede, gemeinschaftliches Engagement (Schulen, Kinderg\u00e4rten, Konfirmanden, Landfrauen,\u2026)[\/vc_column_text][vc_column_text]<strong>Gesamtkosten: <\/strong>3.000 \u20ac<br \/>\n<strong>Leader-Zuschuss:<\/strong> &#8211;<\/p>\n<p><strong>Umsetzung:<\/strong> 2018-2019<br \/>\n<strong>Umsetzungsstand:<\/strong> umgesetzt[\/vc_column_text][\/vc_column][\/vc_row]<\/p>\n<\/section>","protected":false},"excerpt":{"rendered":"<p>[vc_row full_width=&#8221;stretch_row_content_no_spaces&#8221;][vc_column][vc_column_text][\/vc_column_text][\/vc_column][\/vc_row][vc_row][vc_column width=&#8221;1\/4&#8243;][vc_column_text] Region Peiner Land [\/vc_column_text][\/vc_column][vc_column width=&#8221;3\/4&#8243;][vc_raw_js]JTNDZGl2JTIwY2xhc3MlM0QlMjJjb250YWN0LWhlYWRlci1pbmxpbmUtYXJvdW5kJTIyJTNFJTBBJTNDZGl2JTIwY2xhc3MlM0QlMjJjb250YWN0LWhlYWRlci1pbmxpbmUtNSUyMiUzRSUzQ2ElMjBocmVmJTNEJTIyamF2YXNjcmlwdCUzQXdpbmRvdy5wcmludCUyOCUyOSUyMiUzRSUzQ2ltZyUyMHNyYyUzRCUyMmh0dHBzJTNBJTJGJTJGcmVnaW9uLXBlaW5lci1sYW5kLmRlJTJGd3AtY29udGVudCUyRnVwbG9hZHMlMkZwcmludC1idXR0b24tYmx1ZS1lMTUxOTgyMTA3MDg5MS5wbmclMjIlMjBhbHQlM0QlMjJTZWl0ZSUyMGRydWNrZW4lMjIlMjBpZCUzRCUyMnByaW50LWJ1dHRvbiUyMiUyMCUyRiUzRSUzQyUyRmElM0UlM0MlMkZkaXYlM0UlMEElM0MlMkZkaXYlM0U=[\/vc_raw_js][vc_column_text css=&#8221;.vc_custom_1671020570021{margin-top: 10px !important;margin-bottom: 45px !important;}&#8221;] Neugestaltung einer Bienenweide auf dem Friedhof Gro\u00df Ilsede Auf dem Friedhof in Gro\u00df Ilsede \u201eAm Walde\u201c wurde mit Eigenmitteln der Gemeinde Ilsede eine Bienenweide hergerichtet, um dem massiven Bienensterben entgegenzuwirken. Der Friedhof ist ein Ort der Begegnung und im LEADER-Prozess ist die [&hellip;]<\/p>\n","protected":false},"author":4,"featured_media":0,"parent":0,"menu_order":2,"comment_status":"closed","ping_status":"closed","template":"","meta":{"iawp_total_views":1,"footnotes":""},"class_list":["post-2573","page","type-page","status-publish","hentry"],"_links":{"self":[{"href":"https:\/\/www.region-peiner-land.de\/index.php\/wp-json\/wp\/v2\/pages\/2573","targetHints":{"allow":["GET"]}}],"collection":[{"href":"https:\/\/www.region-peiner-land.de\/index.php\/wp-json\/wp\/v2\/pages"}],"about":[{"href":"https:\/\/www.region-peiner-land.de\/index.php\/wp-json\/wp\/v2\/types\/page"}],"author":[{"embeddable":true,"href":"https:\/\/www.region-peiner-land.de\/index.php\/wp-json\/wp\/v2\/users\/4"}],"replies":[{"embeddable":true,"href":"https:\/\/www.region-peiner-land.de\/index.php\/wp-json\/wp\/v2\/comments?post=2573"}],"version-history":[{"count":8,"href":"https:\/\/www.region-peiner-land.de\/index.php\/wp-json\/wp\/v2\/pages\/2573\/revisions"}],"predecessor-version":[{"id":2969,"href":"https:\/\/www.region-peiner-land.de\/index.php\/wp-json\/wp\/v2\/pages\/2573\/revisions\/2969"}],"wp:attachment":[{"href":"https:\/\/www.region-peiner-land.de\/index.php\/wp-json\/wp\/v2\/media?parent=2573"}],"curies":[{"name":"wp","href":"https:\/\/api.w.org\/{rel}","templated":true}]}}

Neugestaltung einer Bienenweide auf dem Friedhof Groß Ilsede

<section class="wpb-content-wrapper"><p>[vc_row full_width=&#8221;stretch_row_content_no_spaces&#8221;][vc_column][vc_column_text]<div id="metaslider-id-218" style="width: 100%;" class="ml-slider-3-108-0 metaslider metaslider-flex metaslider-218 ml-slider ms-theme-default nav-hidden" role="region" aria-label="2 Arbeitsfelder" data-height="400" data-width="2200">
    <div id="metaslider_container_218">
        <div id="metaslider_218">
            <ul class='slides'>
                <li style="display: block; width: 100%;" class="slide-1937 ms-image " aria-roledescription="slide" data-date="2018-02-28 10:24:35" data-filename="IlsederHuette2.jpg" data-slide-type="image"><img loading="lazy" decoding="async" src="https://www.region-peiner-land.de/wp-content/uploads/IlsederHuette2.jpg" height="400" width="2200" alt="" class="slider-218 slide-1937 msDefaultImage" /></li>
                <li style="display: none; width: 100%;" class="slide-1938 ms-image " aria-roledescription="slide" data-date="2018-02-28 10:24:36" data-filename="Park-Vechelde_P1040431.jpg" data-slide-type="image"><img loading="lazy" decoding="async" src="https://www.region-peiner-land.de/wp-content/uploads/Park-Vechelde_P1040431.jpg" height="400" width="2200" alt="" class="slider-218 slide-1938 msDefaultImage" /></li>
                <li style="display: none; width: 100%;" class="slide-1939 ms-image " aria-roledescription="slide" data-date="2018-02-28 10:24:36" data-filename="Seilbahnberg-Ausblick-Lengede-8.jpg" data-slide-type="image"><img loading="lazy" decoding="async" src="https://www.region-peiner-land.de/wp-content/uploads/Seilbahnberg-Ausblick-Lengede-8.jpg" height="400" width="2200" alt="" class="slider-218 slide-1939 msDefaultImage" /></li>
                <li style="display: none; width: 100%;" class="slide-1940 ms-image " aria-roledescription="slide" data-date="2018-02-28 10:24:36" data-filename="Windmühle-Wendeburg-2.JPG.jpg" data-slide-type="image"><img loading="lazy" decoding="async" src="https://www.region-peiner-land.de/wp-content/uploads/Windmühle-Wendeburg-2.JPG.jpg" height="400" width="2200" alt="" class="slider-218 slide-1940 msDefaultImage" /></li>
                <li style="display: none; width: 100%;" class="slide-1936 ms-image " aria-roledescription="slide" data-date="2018-02-28 10:24:35" data-filename="Hofanlage-Plockhorst-2.jpg" data-slide-type="image"><img loading="lazy" decoding="async" src="https://www.region-peiner-land.de/wp-content/uploads/Hofanlage-Plockhorst-2.jpg" height="400" width="2200" alt="" class="slider-218 slide-1936 msDefaultImage" /></li>
                <li style="display: none; width: 100%;" class="slide-1935 ms-image " aria-roledescription="slide" data-date="2018-02-28 10:24:35" data-filename="Amthof-Peine-8.JPG.jpg" data-slide-type="image"><img loading="lazy" decoding="async" src="https://www.region-peiner-land.de/wp-content/uploads/Amthof-Peine-8.JPG.jpg" height="400" width="2200" alt="" class="slider-218 slide-1935 msDefaultImage" /></li>
            </ul>
        </div>
        
    </div>
</div>[/vc_column_text][/vc_column][/vc_row][vc_row][vc_column width=&#8221;1/4&#8243;][vc_column_text]</p>
<div class="content-out">
<div class="content-list active-menu-left"><a style="text-decoration: none;" href="http://index.php/peiner-land/">Region Peiner Land</a></div>
</div>
<p>[/vc_column_text][/vc_column][vc_column width=&#8221;3/4&#8243;][vc_raw_js]JTNDZGl2JTIwY2xhc3MlM0QlMjJjb250YWN0LWhlYWRlci1pbmxpbmUtYXJvdW5kJTIyJTNFJTBBJTNDZGl2JTIwY2xhc3MlM0QlMjJjb250YWN0LWhlYWRlci1pbmxpbmUtNSUyMiUzRSUzQ2ElMjBocmVmJTNEJTIyamF2YXNjcmlwdCUzQXdpbmRvdy5wcmludCUyOCUyOSUyMiUzRSUzQ2ltZyUyMHNyYyUzRCUyMmh0dHBzJTNBJTJGJTJGcmVnaW9uLXBlaW5lci1sYW5kLmRlJTJGd3AtY29udGVudCUyRnVwbG9hZHMlMkZwcmludC1idXR0b24tYmx1ZS1lMTUxOTgyMTA3MDg5MS5wbmclMjIlMjBhbHQlM0QlMjJTZWl0ZSUyMGRydWNrZW4lMjIlMjBpZCUzRCUyMnByaW50LWJ1dHRvbiUyMiUyMCUyRiUzRSUzQyUyRmElM0UlM0MlMkZkaXYlM0UlMEElM0MlMkZkaXYlM0U=[/vc_raw_js][vc_column_text css=&#8221;.vc_custom_1671020570021{margin-top: 10px !important;margin-bottom: 45px !important;}&#8221;]</p>
<h1>Neugestaltung einer Bienenweide auf dem Friedhof Groß Ilsede</h1>
<p>Auf dem Friedhof in Groß Ilsede „Am Walde“ wurde mit Eigenmitteln der Gemeinde Ilsede eine Bienenweide hergerichtet, um dem massiven Bienensterben entgegenzuwirken. Der Friedhof ist ein Ort der Begegnung und im LEADER-Prozess ist die Idee gereift, eine Bienenweide auf dem Friedhof die Bürgerinnen und Bürger für ein naturbewusstes Handeln und Denken anzuregen. Dafür wurden zusätzliche Wege gebaut, die Barrierefreiheit hergestellt sowie 70 pflegeleichte Rasensarggrabstätten und 200-300 Urnengrabstätten unter Bestattungsbäume eingerichtet. Zudem wurden Alleebäume und „Hortensiengärtchen“ zwischen den Hauptstraßen gepflanzt.[/vc_column_text][vc_gallery type=&#8221;image_grid&#8221; images=&#8221;2612&#8243; onclick=&#8221;img_link_large&#8221;][vc_column_text]</p>
<h4><b>Projektträger </b></h4>
<p>Gemeinde Ilsede</p>
<h4><strong>Ansprechpartner<br />
</strong></h4>
<p>Jens Bertram</p>
<h4><b>Projektbeteiligte </b></h4>
<p>Eigentümer des Friedhofes ist die Gemeinde Ilsede, gemeinschaftliches Engagement (Schulen, Kindergärten, Konfirmanden, Landfrauen,…)[/vc_column_text][vc_column_text]<strong>Gesamtkosten: </strong>3.000 €<br />
<strong>Leader-Zuschuss:</strong> &#8211;</p>
<p><strong>Umsetzung:</strong> 2018-2019<br />
<strong>Umsetzungsstand:</strong> umgesetzt[/vc_column_text][/vc_column][/vc_row]</p>
</section>

<p>[vc_row full_width=&#8221;stretch_row_content_no_spaces&#8221;][vc_column][vc_column_text][/vc_column_text][/vc_column][/vc_row][vc_row][vc_column width=&#8221;1/4&#8243;][vc_column_text] Region Peiner Land [/vc_column_text][/vc_column][vc_column width=&#8221;3/4&#8243;][vc_raw_js]JTNDZGl2JTIwY2xhc3MlM0QlMjJjb250YWN0LWhlYWRlci1pbmxpbmUtYXJvdW5kJTIyJTNFJTBBJTNDZGl2JTIwY2xhc3MlM0QlMjJjb250YWN0LWhlYWRlci1pbmxpbmUtNSUyMiUzRSUzQ2ElMjBocmVmJTNEJTIyamF2YXNjcmlwdCUzQXdpbmRvdy5wcmludCUyOCUyOSUyMiUzRSUzQ2ltZyUyMHNyYyUzRCUyMmh0dHBzJTNBJTJGJTJGcmVnaW9uLXBlaW5lci1sYW5kLmRlJTJGd3AtY29udGVudCUyRnVwbG9hZHMlMkZwcmludC1idXR0b24tYmx1ZS1lMTUxOTgyMTA3MDg5MS5wbmclMjIlMjBhbHQlM0QlMjJTZWl0ZSUyMGRydWNrZW4lMjIlMjBpZCUzRCUyMnByaW50LWJ1dHRvbiUyMiUyMCUyRiUzRSUzQyUyRmElM0UlM0MlMkZkaXYlM0UlMEElM0MlMkZkaXYlM0U=[/vc_raw_js][vc_column_text css=&#8221;.vc_custom_1671020570021{margin-top: 10px !important;margin-bottom: 45px !important;}&#8221;] Neugestaltung einer Bienenweide auf dem Friedhof Groß Ilsede Auf dem Friedhof in Groß Ilsede „Am Walde“ wurde mit Eigenmitteln der Gemeinde Ilsede eine Bienenweide hergerichtet, um dem massiven Bienensterben entgegenzuwirken. Der Friedhof ist ein Ort der Begegnung und im LEADER-Prozess ist die [&hellip;]</p>
