{"id":2575,"date":"2022-12-01T13:04:05","date_gmt":"2022-12-01T12:04:05","guid":{"rendered":"https:\/\/www.region-peiner-land.de\/?page_id=2575"},"modified":"2022-12-13T16:39:36","modified_gmt":"2022-12-13T15:39:36","slug":"bewegtesspiel","status":"publish","type":"page","link":"https:\/\/www.region-peiner-land.de\/index.php\/bewegtesspiel\/","title":{"rendered":"\u201eBewegtes Spiel\u201c in Solschen \u2014 ein Jugendspielplatz"},"content":{"rendered":"<section class=\"wpb-content-wrapper\"><p>[vc_row full_width=&#8221;stretch_row_content_no_spaces&#8221;][vc_column][vc_column_text]<div id=\"metaslider-id-218\" style=\"width: 100%;\" class=\"ml-slider-3-108-0 metaslider metaslider-flex metaslider-218 ml-slider ms-theme-default nav-hidden\" role=\"region\" aria-label=\"2 Arbeitsfelder\" data-height=\"400\" data-width=\"2200\">\n    <div id=\"metaslider_container_218\">\n        <div id=\"metaslider_218\">\n            <ul class='slides'>\n                <li style=\"display: block; width: 100%;\" class=\"slide-1937 ms-image \" aria-roledescription=\"slide\" data-date=\"2018-02-28 10:24:35\" data-filename=\"IlsederHuette2.jpg\" data-slide-type=\"image\"><img loading=\"lazy\" decoding=\"async\" src=\"https:\/\/www.region-peiner-land.de\/wp-content\/uploads\/IlsederHuette2.jpg\" height=\"400\" width=\"2200\" alt=\"\" class=\"slider-218 slide-1937 msDefaultImage\" \/><\/li>\n                <li style=\"display: none; width: 100%;\" class=\"slide-1938 ms-image \" aria-roledescription=\"slide\" data-date=\"2018-02-28 10:24:36\" data-filename=\"Park-Vechelde_P1040431.jpg\" data-slide-type=\"image\"><img loading=\"lazy\" decoding=\"async\" src=\"https:\/\/www.region-peiner-land.de\/wp-content\/uploads\/Park-Vechelde_P1040431.jpg\" height=\"400\" width=\"2200\" alt=\"\" class=\"slider-218 slide-1938 msDefaultImage\" \/><\/li>\n                <li style=\"display: none; width: 100%;\" class=\"slide-1939 ms-image \" aria-roledescription=\"slide\" data-date=\"2018-02-28 10:24:36\" data-filename=\"Seilbahnberg-Ausblick-Lengede-8.jpg\" data-slide-type=\"image\"><img loading=\"lazy\" decoding=\"async\" src=\"https:\/\/www.region-peiner-land.de\/wp-content\/uploads\/Seilbahnberg-Ausblick-Lengede-8.jpg\" height=\"400\" width=\"2200\" alt=\"\" class=\"slider-218 slide-1939 msDefaultImage\" \/><\/li>\n                <li style=\"display: none; width: 100%;\" class=\"slide-1940 ms-image \" aria-roledescription=\"slide\" data-date=\"2018-02-28 10:24:36\" data-filename=\"Windm\u00fchle-Wendeburg-2.JPG.jpg\" data-slide-type=\"image\"><img loading=\"lazy\" decoding=\"async\" src=\"https:\/\/www.region-peiner-land.de\/wp-content\/uploads\/Windm\u00fchle-Wendeburg-2.JPG.jpg\" height=\"400\" width=\"2200\" alt=\"\" class=\"slider-218 slide-1940 msDefaultImage\" \/><\/li>\n                <li style=\"display: none; width: 100%;\" class=\"slide-1936 ms-image \" aria-roledescription=\"slide\" data-date=\"2018-02-28 10:24:35\" data-filename=\"Hofanlage-Plockhorst-2.jpg\" data-slide-type=\"image\"><img loading=\"lazy\" decoding=\"async\" src=\"https:\/\/www.region-peiner-land.de\/wp-content\/uploads\/Hofanlage-Plockhorst-2.jpg\" height=\"400\" width=\"2200\" alt=\"\" class=\"slider-218 slide-1936 msDefaultImage\" \/><\/li>\n                <li style=\"display: none; width: 100%;\" class=\"slide-1935 ms-image \" aria-roledescription=\"slide\" data-date=\"2018-02-28 10:24:35\" data-filename=\"Amthof-Peine-8.JPG.jpg\" data-slide-type=\"image\"><img loading=\"lazy\" decoding=\"async\" src=\"https:\/\/www.region-peiner-land.de\/wp-content\/uploads\/Amthof-Peine-8.JPG.jpg\" height=\"400\" width=\"2200\" alt=\"\" class=\"slider-218 slide-1935 msDefaultImage\" \/><\/li>\n            <\/ul>\n        <\/div>\n        \n    <\/div>\n<\/div>[\/vc_column_text][\/vc_column][\/vc_row][vc_row][vc_column width=&#8221;1\/4&#8243;][vc_column_text]<\/p>\n<div class=\"content-out\">\n<div class=\"content-list active-menu-left\"><a style=\"text-decoration: none;\" href=\"http:\/\/index.php\/peiner-land\/\">Region Peiner Land<\/a><\/div>\n<\/div>\n<p>[\/vc_column_text][\/vc_column][vc_column width=&#8221;3\/4&#8243;][vc_raw_js]JTNDZGl2JTIwY2xhc3MlM0QlMjJjb250YWN0LWhlYWRlci1pbmxpbmUtYXJvdW5kJTIyJTNFJTBBJTNDZGl2JTIwY2xhc3MlM0QlMjJjb250YWN0LWhlYWRlci1pbmxpbmUtNSUyMiUzRSUzQ2ElMjBocmVmJTNEJTIyamF2YXNjcmlwdCUzQXdpbmRvdy5wcmludCUyOCUyOSUyMiUzRSUzQ2ltZyUyMHNyYyUzRCUyMmh0dHBzJTNBJTJGJTJGcmVnaW9uLXBlaW5lci1sYW5kLmRlJTJGd3AtY29udGVudCUyRnVwbG9hZHMlMkZwcmludC1idXR0b24tYmx1ZS1lMTUxOTgyMTA3MDg5MS5wbmclMjIlMjBhbHQlM0QlMjJTZWl0ZSUyMGRydWNrZW4lMjIlMjBpZCUzRCUyMnByaW50LWJ1dHRvbiUyMiUyMCUyRiUzRSUzQyUyRmElM0UlM0MlMkZkaXYlM0UlMEElM0MlMkZkaXYlM0U=[\/vc_raw_js][vc_column_text css=&#8221;.vc_custom_1670945808711{margin-top: 10px !important;margin-bottom: 45px !important;}&#8221;]<\/p>\n<h1>\u201eBewegtes Spiel\u201c in Solschen \u2014 ein Jugendspielplatz<\/h1>\n<p>Dank LEADER-F\u00f6rderung, vieler Spenden, Sponsoring und Ortsratsmitteln hat die Gemeinde Ilsede in Solschen den Spielplatz erneuert. Die Spielfl\u00e4che ist \u00f6ffentlich zug\u00e4nglich und bietet vielf\u00e4ltige Angebote, unter anderem f\u00fcr \u201eAlles was R\u00e4der hat\u201c wie eine Wellenbahn und zwei Skateh\u00fcgel. Weitere Attraktionen sind die Boulderwand und ein Basketballfeld. Au\u00dferdem laden ein Unterstand und eine Sitzgelegenheit zum Verweilen und Rasten ein. Der Spielplatz soll sich zum Treffpunkt f\u00fcr Jung und Alt entwickeln und zum kreativen Spielen einladen. Die Besonderheit an dem Spielplatz? In einem Workshop haben die Jugendlichen selbst an der Entwurfsplanung mitgewirkt und ihre Ideen f\u00fcr die Neugestaltung eingebracht.<\/p>\n<p>Solschen liegt in der Gemeinde Ilsede. Der Jugendspielplatz befindet sich in der Rotdornstra\u00dfe 32.[\/vc_column_text][vc_gallery type=&#8221;image_grid&#8221; images=&#8221;2581,2580,2579,2873&#8243; onclick=&#8221;img_link_large&#8221;][vc_column_text]<\/p>\n<h4><b>Projekttr\u00e4ger <\/b><\/h4>\n<p>Gemeinde Ilsede<\/p>\n<h4><strong>Ansprechpartner<br \/>\n<\/strong><\/h4>\n<p>J\u00fcrgen Rengers<\/p>\n<h4><b>Projektbeteiligte <\/b><\/h4>\n<p>Solschener Stiftungsverein e.V., Dorfgemeinschaft, Jugendliche[\/vc_column_text][vc_column_text]<strong>Gesamtkosten:\u00a0<\/strong><b><\/b>ca. 48.000 \u20ac<b><br \/>\nLeader-Zuschuss:<\/b> 20.000 \u20ac<\/p>\n<p><b>Umsetzung: <\/b>2018<br \/>\n<b>Umsetzungsstand: <\/b>umgesetzt[\/vc_column_text][\/vc_column][\/vc_row][vc_row][vc_column][\/vc_column][\/vc_row]<\/p>\n<\/section>","protected":false},"excerpt":{"rendered":"<p>[vc_row full_width=&#8221;stretch_row_content_no_spaces&#8221;][vc_column][vc_column_text][\/vc_column_text][\/vc_column][\/vc_row][vc_row][vc_column width=&#8221;1\/4&#8243;][vc_column_text] Region Peiner Land [\/vc_column_text][\/vc_column][vc_column width=&#8221;3\/4&#8243;][vc_raw_js]JTNDZGl2JTIwY2xhc3MlM0QlMjJjb250YWN0LWhlYWRlci1pbmxpbmUtYXJvdW5kJTIyJTNFJTBBJTNDZGl2JTIwY2xhc3MlM0QlMjJjb250YWN0LWhlYWRlci1pbmxpbmUtNSUyMiUzRSUzQ2ElMjBocmVmJTNEJTIyamF2YXNjcmlwdCUzQXdpbmRvdy5wcmludCUyOCUyOSUyMiUzRSUzQ2ltZyUyMHNyYyUzRCUyMmh0dHBzJTNBJTJGJTJGcmVnaW9uLXBlaW5lci1sYW5kLmRlJTJGd3AtY29udGVudCUyRnVwbG9hZHMlMkZwcmludC1idXR0b24tYmx1ZS1lMTUxOTgyMTA3MDg5MS5wbmclMjIlMjBhbHQlM0QlMjJTZWl0ZSUyMGRydWNrZW4lMjIlMjBpZCUzRCUyMnByaW50LWJ1dHRvbiUyMiUyMCUyRiUzRSUzQyUyRmElM0UlM0MlMkZkaXYlM0UlMEElM0MlMkZkaXYlM0U=[\/vc_raw_js][vc_column_text css=&#8221;.vc_custom_1670945808711{margin-top: 10px !important;margin-bottom: 45px !important;}&#8221;] \u201eBewegtes Spiel\u201c in Solschen \u2014 ein Jugendspielplatz Dank LEADER-F\u00f6rderung, vieler Spenden, Sponsoring und Ortsratsmitteln hat die Gemeinde Ilsede in Solschen den Spielplatz erneuert. Die Spielfl\u00e4che ist \u00f6ffentlich zug\u00e4nglich und bietet vielf\u00e4ltige Angebote, unter anderem f\u00fcr \u201eAlles was R\u00e4der hat\u201c wie eine Wellenbahn [&hellip;]<\/p>\n","protected":false},"author":4,"featured_media":0,"parent":0,"menu_order":2,"comment_status":"closed","ping_status":"closed","template":"","meta":{"iawp_total_views":17,"footnotes":""},"class_list":["post-2575","page","type-page","status-publish","hentry"],"_links":{"self":[{"href":"https:\/\/www.region-peiner-land.de\/index.php\/wp-json\/wp\/v2\/pages\/2575","targetHints":{"allow":["GET"]}}],"collection":[{"href":"https:\/\/www.region-peiner-land.de\/index.php\/wp-json\/wp\/v2\/pages"}],"about":[{"href":"https:\/\/www.region-peiner-land.de\/index.php\/wp-json\/wp\/v2\/types\/page"}],"author":[{"embeddable":true,"href":"https:\/\/www.region-peiner-land.de\/index.php\/wp-json\/wp\/v2\/users\/4"}],"replies":[{"embeddable":true,"href":"https:\/\/www.region-peiner-land.de\/index.php\/wp-json\/wp\/v2\/comments?post=2575"}],"version-history":[{"count":14,"href":"https:\/\/www.region-peiner-land.de\/index.php\/wp-json\/wp\/v2\/pages\/2575\/revisions"}],"predecessor-version":[{"id":2803,"href":"https:\/\/www.region-peiner-land.de\/index.php\/wp-json\/wp\/v2\/pages\/2575\/revisions\/2803"}],"wp:attachment":[{"href":"https:\/\/www.region-peiner-land.de\/index.php\/wp-json\/wp\/v2\/media?parent=2575"}],"curies":[{"name":"wp","href":"https:\/\/api.w.org\/{rel}","templated":true}]}}

<section class="wpb-content-wrapper"><p>[vc_row full_width=&#8221;stretch_row_content_no_spaces&#8221;][vc_column][vc_column_text]<div id="metaslider-id-218" style="width: 100%;" class="ml-slider-3-108-0 metaslider metaslider-flex metaslider-218 ml-slider ms-theme-default nav-hidden" role="region" aria-label="2 Arbeitsfelder" data-height="400" data-width="2200">
    <div id="metaslider_container_218">
        <div id="metaslider_218">
            <ul class='slides'>
                <li style="display: block; width: 100%;" class="slide-1937 ms-image " aria-roledescription="slide" data-date="2018-02-28 10:24:35" data-filename="IlsederHuette2.jpg" data-slide-type="image"><img loading="lazy" decoding="async" src="https://www.region-peiner-land.de/wp-content/uploads/IlsederHuette2.jpg" height="400" width="2200" alt="" class="slider-218 slide-1937 msDefaultImage" /></li>
                <li style="display: none; width: 100%;" class="slide-1938 ms-image " aria-roledescription="slide" data-date="2018-02-28 10:24:36" data-filename="Park-Vechelde_P1040431.jpg" data-slide-type="image"><img loading="lazy" decoding="async" src="https://www.region-peiner-land.de/wp-content/uploads/Park-Vechelde_P1040431.jpg" height="400" width="2200" alt="" class="slider-218 slide-1938 msDefaultImage" /></li>
                <li style="display: none; width: 100%;" class="slide-1939 ms-image " aria-roledescription="slide" data-date="2018-02-28 10:24:36" data-filename="Seilbahnberg-Ausblick-Lengede-8.jpg" data-slide-type="image"><img loading="lazy" decoding="async" src="https://www.region-peiner-land.de/wp-content/uploads/Seilbahnberg-Ausblick-Lengede-8.jpg" height="400" width="2200" alt="" class="slider-218 slide-1939 msDefaultImage" /></li>
                <li style="display: none; width: 100%;" class="slide-1940 ms-image " aria-roledescription="slide" data-date="2018-02-28 10:24:36" data-filename="Windmühle-Wendeburg-2.JPG.jpg" data-slide-type="image"><img loading="lazy" decoding="async" src="https://www.region-peiner-land.de/wp-content/uploads/Windmühle-Wendeburg-2.JPG.jpg" height="400" width="2200" alt="" class="slider-218 slide-1940 msDefaultImage" /></li>
                <li style="display: none; width: 100%;" class="slide-1936 ms-image " aria-roledescription="slide" data-date="2018-02-28 10:24:35" data-filename="Hofanlage-Plockhorst-2.jpg" data-slide-type="image"><img loading="lazy" decoding="async" src="https://www.region-peiner-land.de/wp-content/uploads/Hofanlage-Plockhorst-2.jpg" height="400" width="2200" alt="" class="slider-218 slide-1936 msDefaultImage" /></li>
                <li style="display: none; width: 100%;" class="slide-1935 ms-image " aria-roledescription="slide" data-date="2018-02-28 10:24:35" data-filename="Amthof-Peine-8.JPG.jpg" data-slide-type="image"><img loading="lazy" decoding="async" src="https://www.region-peiner-land.de/wp-content/uploads/Amthof-Peine-8.JPG.jpg" height="400" width="2200" alt="" class="slider-218 slide-1935 msDefaultImage" /></li>
            </ul>
        </div>
        
    </div>
</div>[/vc_column_text][/vc_column][/vc_row][vc_row][vc_column width=&#8221;1/4&#8243;][vc_column_text]</p>
<div class="content-out">
<div class="content-list active-menu-left"><a style="text-decoration: none;" href="http://index.php/peiner-land/">Region Peiner Land</a></div>
</div>
<p>[/vc_column_text][/vc_column][vc_column width=&#8221;3/4&#8243;][vc_raw_js]JTNDZGl2JTIwY2xhc3MlM0QlMjJjb250YWN0LWhlYWRlci1pbmxpbmUtYXJvdW5kJTIyJTNFJTBBJTNDZGl2JTIwY2xhc3MlM0QlMjJjb250YWN0LWhlYWRlci1pbmxpbmUtNSUyMiUzRSUzQ2ElMjBocmVmJTNEJTIyamF2YXNjcmlwdCUzQXdpbmRvdy5wcmludCUyOCUyOSUyMiUzRSUzQ2ltZyUyMHNyYyUzRCUyMmh0dHBzJTNBJTJGJTJGcmVnaW9uLXBlaW5lci1sYW5kLmRlJTJGd3AtY29udGVudCUyRnVwbG9hZHMlMkZwcmludC1idXR0b24tYmx1ZS1lMTUxOTgyMTA3MDg5MS5wbmclMjIlMjBhbHQlM0QlMjJTZWl0ZSUyMGRydWNrZW4lMjIlMjBpZCUzRCUyMnByaW50LWJ1dHRvbiUyMiUyMCUyRiUzRSUzQyUyRmElM0UlM0MlMkZkaXYlM0UlMEElM0MlMkZkaXYlM0U=[/vc_raw_js][vc_column_text css=&#8221;.vc_custom_1670945808711{margin-top: 10px !important;margin-bottom: 45px !important;}&#8221;]</p>
<h1>„Bewegtes Spiel“ in Solschen — ein Jugendspielplatz</h1>
<p>Dank LEADER-Förderung, vieler Spenden, Sponsoring und Ortsratsmitteln hat die Gemeinde Ilsede in Solschen den Spielplatz erneuert. Die Spielfläche ist öffentlich zugänglich und bietet vielfältige Angebote, unter anderem für „Alles was Räder hat“ wie eine Wellenbahn und zwei Skatehügel. Weitere Attraktionen sind die Boulderwand und ein Basketballfeld. Außerdem laden ein Unterstand und eine Sitzgelegenheit zum Verweilen und Rasten ein. Der Spielplatz soll sich zum Treffpunkt für Jung und Alt entwickeln und zum kreativen Spielen einladen. Die Besonderheit an dem Spielplatz? In einem Workshop haben die Jugendlichen selbst an der Entwurfsplanung mitgewirkt und ihre Ideen für die Neugestaltung eingebracht.</p>
<p>Solschen liegt in der Gemeinde Ilsede. Der Jugendspielplatz befindet sich in der Rotdornstraße 32.[/vc_column_text][vc_gallery type=&#8221;image_grid&#8221; images=&#8221;2581,2580,2579,2873&#8243; onclick=&#8221;img_link_large&#8221;][vc_column_text]</p>
<h4><b>Projektträger </b></h4>
<p>Gemeinde Ilsede</p>
<h4><strong>Ansprechpartner<br />
</strong></h4>
<p>Jürgen Rengers</p>
<h4><b>Projektbeteiligte </b></h4>
<p>Solschener Stiftungsverein e.V., Dorfgemeinschaft, Jugendliche[/vc_column_text][vc_column_text]<strong>Gesamtkosten: </strong><b></b>ca. 48.000 €<b><br />
Leader-Zuschuss:</b> 20.000 €</p>
<p><b>Umsetzung: </b>2018<br />
<b>Umsetzungsstand: </b>umgesetzt[/vc_column_text][/vc_column][/vc_row][vc_row][vc_column][/vc_column][/vc_row]</p>
</section>

<p>[vc_row full_width=&#8221;stretch_row_content_no_spaces&#8221;][vc_column][vc_column_text][/vc_column_text][/vc_column][/vc_row][vc_row][vc_column width=&#8221;1/4&#8243;][vc_column_text] Region Peiner Land [/vc_column_text][/vc_column][vc_column width=&#8221;3/4&#8243;][vc_raw_js]JTNDZGl2JTIwY2xhc3MlM0QlMjJjb250YWN0LWhlYWRlci1pbmxpbmUtYXJvdW5kJTIyJTNFJTBBJTNDZGl2JTIwY2xhc3MlM0QlMjJjb250YWN0LWhlYWRlci1pbmxpbmUtNSUyMiUzRSUzQ2ElMjBocmVmJTNEJTIyamF2YXNjcmlwdCUzQXdpbmRvdy5wcmludCUyOCUyOSUyMiUzRSUzQ2ltZyUyMHNyYyUzRCUyMmh0dHBzJTNBJTJGJTJGcmVnaW9uLXBlaW5lci1sYW5kLmRlJTJGd3AtY29udGVudCUyRnVwbG9hZHMlMkZwcmludC1idXR0b24tYmx1ZS1lMTUxOTgyMTA3MDg5MS5wbmclMjIlMjBhbHQlM0QlMjJTZWl0ZSUyMGRydWNrZW4lMjIlMjBpZCUzRCUyMnByaW50LWJ1dHRvbiUyMiUyMCUyRiUzRSUzQyUyRmElM0UlM0MlMkZkaXYlM0UlMEElM0MlMkZkaXYlM0U=[/vc_raw_js][vc_column_text css=&#8221;.vc_custom_1670945808711{margin-top: 10px !important;margin-bottom: 45px !important;}&#8221;] „Bewegtes Spiel“ in Solschen — ein Jugendspielplatz Dank LEADER-Förderung, vieler Spenden, Sponsoring und Ortsratsmitteln hat die Gemeinde Ilsede in Solschen den Spielplatz erneuert. Die Spielfläche ist öffentlich zugänglich und bietet vielfältige Angebote, unter anderem für „Alles was Räder hat“ wie eine Wellenbahn [&hellip;]</p>
