{"id":2837,"date":"2022-12-07T12:37:53","date_gmt":"2022-12-07T11:37:53","guid":{"rendered":"https:\/\/www.region-peiner-land.de\/?page_id=2837"},"modified":"2022-12-14T10:29:17","modified_gmt":"2022-12-14T09:29:17","slug":"pfarrhausberkum","status":"publish","type":"page","link":"https:\/\/www.region-peiner-land.de\/index.php\/pfarrhausberkum\/","title":{"rendered":"Umgestaltung Vorbereich Pfarrhaus in Berkum"},"content":{"rendered":"<section class=\"wpb-content-wrapper\"><p>[vc_row full_width=&#8221;stretch_row_content_no_spaces&#8221;][vc_column][vc_column_text]<div id=\"metaslider-id-218\" style=\"width: 100%;\" class=\"ml-slider-3-108-0 metaslider metaslider-flex metaslider-218 ml-slider ms-theme-default nav-hidden\" role=\"region\" aria-label=\"2 Arbeitsfelder\" data-height=\"400\" data-width=\"2200\">\n    <div id=\"metaslider_container_218\">\n        <div id=\"metaslider_218\">\n            <ul class='slides'>\n                <li style=\"display: block; width: 100%;\" class=\"slide-1937 ms-image \" aria-roledescription=\"slide\" data-date=\"2018-02-28 10:24:35\" data-filename=\"IlsederHuette2.jpg\" data-slide-type=\"image\"><img loading=\"lazy\" decoding=\"async\" src=\"https:\/\/www.region-peiner-land.de\/wp-content\/uploads\/IlsederHuette2.jpg\" height=\"400\" width=\"2200\" alt=\"\" class=\"slider-218 slide-1937 msDefaultImage\" \/><\/li>\n                <li style=\"display: none; width: 100%;\" class=\"slide-1938 ms-image \" aria-roledescription=\"slide\" data-date=\"2018-02-28 10:24:36\" data-filename=\"Park-Vechelde_P1040431.jpg\" data-slide-type=\"image\"><img loading=\"lazy\" decoding=\"async\" src=\"https:\/\/www.region-peiner-land.de\/wp-content\/uploads\/Park-Vechelde_P1040431.jpg\" height=\"400\" width=\"2200\" alt=\"\" class=\"slider-218 slide-1938 msDefaultImage\" \/><\/li>\n                <li style=\"display: none; width: 100%;\" class=\"slide-1939 ms-image \" aria-roledescription=\"slide\" data-date=\"2018-02-28 10:24:36\" data-filename=\"Seilbahnberg-Ausblick-Lengede-8.jpg\" data-slide-type=\"image\"><img loading=\"lazy\" decoding=\"async\" src=\"https:\/\/www.region-peiner-land.de\/wp-content\/uploads\/Seilbahnberg-Ausblick-Lengede-8.jpg\" height=\"400\" width=\"2200\" alt=\"\" class=\"slider-218 slide-1939 msDefaultImage\" \/><\/li>\n                <li style=\"display: none; width: 100%;\" class=\"slide-1940 ms-image \" aria-roledescription=\"slide\" data-date=\"2018-02-28 10:24:36\" data-filename=\"Windm\u00fchle-Wendeburg-2.JPG.jpg\" data-slide-type=\"image\"><img loading=\"lazy\" decoding=\"async\" src=\"https:\/\/www.region-peiner-land.de\/wp-content\/uploads\/Windm\u00fchle-Wendeburg-2.JPG.jpg\" height=\"400\" width=\"2200\" alt=\"\" class=\"slider-218 slide-1940 msDefaultImage\" \/><\/li>\n                <li style=\"display: none; width: 100%;\" class=\"slide-1936 ms-image \" aria-roledescription=\"slide\" data-date=\"2018-02-28 10:24:35\" data-filename=\"Hofanlage-Plockhorst-2.jpg\" data-slide-type=\"image\"><img loading=\"lazy\" decoding=\"async\" src=\"https:\/\/www.region-peiner-land.de\/wp-content\/uploads\/Hofanlage-Plockhorst-2.jpg\" height=\"400\" width=\"2200\" alt=\"\" class=\"slider-218 slide-1936 msDefaultImage\" \/><\/li>\n                <li style=\"display: none; width: 100%;\" class=\"slide-1935 ms-image \" aria-roledescription=\"slide\" data-date=\"2018-02-28 10:24:35\" data-filename=\"Amthof-Peine-8.JPG.jpg\" data-slide-type=\"image\"><img loading=\"lazy\" decoding=\"async\" src=\"https:\/\/www.region-peiner-land.de\/wp-content\/uploads\/Amthof-Peine-8.JPG.jpg\" height=\"400\" width=\"2200\" alt=\"\" class=\"slider-218 slide-1935 msDefaultImage\" \/><\/li>\n            <\/ul>\n        <\/div>\n        \n    <\/div>\n<\/div>[\/vc_column_text][\/vc_column][\/vc_row][vc_row][vc_column width=&#8221;1\/4&#8243;][vc_column_text]<\/p>\n<div class=\"content-out\">\n<div class=\"content-list active-menu-left\"><a style=\"text-decoration: none;\" href=\"http:\/\/index.php\/peiner-land\/\">Region Peiner Land<\/a><\/div>\n<\/div>\n<p>[\/vc_column_text][\/vc_column][vc_column width=&#8221;3\/4&#8243;][vc_raw_js]JTNDZGl2JTIwY2xhc3MlM0QlMjJjb250YWN0LWhlYWRlci1pbmxpbmUtYXJvdW5kJTIyJTNFJTBBJTNDZGl2JTIwY2xhc3MlM0QlMjJjb250YWN0LWhlYWRlci1pbmxpbmUtNSUyMiUzRSUzQ2ElMjBocmVmJTNEJTIyamF2YXNjcmlwdCUzQXdpbmRvdy5wcmludCUyOCUyOSUyMiUzRSUzQ2ltZyUyMHNyYyUzRCUyMmh0dHBzJTNBJTJGJTJGcmVnaW9uLXBlaW5lci1sYW5kLmRlJTJGd3AtY29udGVudCUyRnVwbG9hZHMlMkZwcmludC1idXR0b24tYmx1ZS1lMTUxOTgyMTA3MDg5MS5wbmclMjIlMjBhbHQlM0QlMjJTZWl0ZSUyMGRydWNrZW4lMjIlMjBpZCUzRCUyMnByaW50LWJ1dHRvbiUyMiUyMCUyRiUzRSUzQyUyRmElM0UlM0MlMkZkaXYlM0UlMEElM0MlMkZkaXYlM0U=[\/vc_raw_js][vc_column_text css=&#8221;.vc_custom_1671010112528{margin-top: 10px !important;margin-bottom: 45px !important;}&#8221;]<\/p>\n<h1 class=\"Textzwischenberschrift\">Umgestaltung Vorbereich Pfarrhaus in Berkum<\/h1>\n<p class=\"Text\">In der Dorfregion Kanal-Fuhse-Region ist die Idee entstanden, den Vorplatz des Pfarrhauses in Berkum umzugestalten, damit Bewohnerinnen und Bewohner sowie Besuchenden ihn zuk\u00fcnftig als m\u00f6glichen Aufenthaltsort wahrnehmen und zum Verweilen nutzen. Der Ev.-luth. Kirchengemeindeverband Berkum, Handorf, Rosenthal, Schwicheldt (kurz: BeHaRoSch) plant daher nun, die Gr\u00fcnfl\u00e4che des Vorplatzes optisch und \u00f6kologisch aufzuwerten, Aufenthalts- und Sitzm\u00f6glichkeiten zu schaffen und den Bereich, zum Beispiel durch Entfernung des J\u00e4gerzaunes, st\u00e4rker in den \u00f6ffentlichen Raum einzubinden. Zudem soll der zum Ortsjubil\u00e4um gesetzte Findling sichtbar platziert werden. Insgesamt soll so ein offener, freundlicher und einladender Raum geschaffen werden, der als zus\u00e4tzliche Begegnungsst\u00e4tte in der Ortschaft dient.<\/p>\n<p>[\/vc_column_text][vc_gallery type=&#8221;image_grid&#8221; images=&#8221;2950,2949&#8243; onclick=&#8221;img_link_large&#8221;][vc_column_text]<\/p>\n<h4><b>Projekttr\u00e4ger <\/b><\/h4>\n<p>Ev.-luth. Kirchengemeindeverband BeHaRoSch<\/p>\n<h4><strong>Ansprechpartner<br \/>\n<\/strong><\/h4>\n<p>Friedhelm Prange[\/vc_column_text][vc_column_text]<strong>Gesamtkosten:\u00a0<\/strong>ca. 27.700 \u20ac<b><br \/>\nLeader-Zuschuss:<\/b> 16.600 \u20ac<\/p>\n<p><b>Umsetzung: <\/b>2022-2023<br \/>\n<b>Umsetzungsstand: <\/b>von LAG beschlossen[\/vc_column_text][\/vc_column][\/vc_row][vc_row][vc_column][\/vc_column][\/vc_row]<\/p>\n<\/section>","protected":false},"excerpt":{"rendered":"<p>[vc_row full_width=&#8221;stretch_row_content_no_spaces&#8221;][vc_column][vc_column_text][\/vc_column_text][\/vc_column][\/vc_row][vc_row][vc_column width=&#8221;1\/4&#8243;][vc_column_text] Region Peiner Land [\/vc_column_text][\/vc_column][vc_column width=&#8221;3\/4&#8243;][vc_raw_js]JTNDZGl2JTIwY2xhc3MlM0QlMjJjb250YWN0LWhlYWRlci1pbmxpbmUtYXJvdW5kJTIyJTNFJTBBJTNDZGl2JTIwY2xhc3MlM0QlMjJjb250YWN0LWhlYWRlci1pbmxpbmUtNSUyMiUzRSUzQ2ElMjBocmVmJTNEJTIyamF2YXNjcmlwdCUzQXdpbmRvdy5wcmludCUyOCUyOSUyMiUzRSUzQ2ltZyUyMHNyYyUzRCUyMmh0dHBzJTNBJTJGJTJGcmVnaW9uLXBlaW5lci1sYW5kLmRlJTJGd3AtY29udGVudCUyRnVwbG9hZHMlMkZwcmludC1idXR0b24tYmx1ZS1lMTUxOTgyMTA3MDg5MS5wbmclMjIlMjBhbHQlM0QlMjJTZWl0ZSUyMGRydWNrZW4lMjIlMjBpZCUzRCUyMnByaW50LWJ1dHRvbiUyMiUyMCUyRiUzRSUzQyUyRmElM0UlM0MlMkZkaXYlM0UlMEElM0MlMkZkaXYlM0U=[\/vc_raw_js][vc_column_text css=&#8221;.vc_custom_1671010112528{margin-top: 10px !important;margin-bottom: 45px !important;}&#8221;] Umgestaltung Vorbereich Pfarrhaus in Berkum In der Dorfregion Kanal-Fuhse-Region ist die Idee entstanden, den Vorplatz des Pfarrhauses in Berkum umzugestalten, damit Bewohnerinnen und Bewohner sowie Besuchenden ihn zuk\u00fcnftig als m\u00f6glichen Aufenthaltsort wahrnehmen und zum Verweilen nutzen. Der Ev.-luth. Kirchengemeindeverband Berkum, Handorf, Rosenthal, [&hellip;]<\/p>\n","protected":false},"author":4,"featured_media":0,"parent":0,"menu_order":2,"comment_status":"closed","ping_status":"closed","template":"","meta":{"iawp_total_views":6,"footnotes":""},"class_list":["post-2837","page","type-page","status-publish","hentry"],"_links":{"self":[{"href":"https:\/\/www.region-peiner-land.de\/index.php\/wp-json\/wp\/v2\/pages\/2837","targetHints":{"allow":["GET"]}}],"collection":[{"href":"https:\/\/www.region-peiner-land.de\/index.php\/wp-json\/wp\/v2\/pages"}],"about":[{"href":"https:\/\/www.region-peiner-land.de\/index.php\/wp-json\/wp\/v2\/types\/page"}],"author":[{"embeddable":true,"href":"https:\/\/www.region-peiner-land.de\/index.php\/wp-json\/wp\/v2\/users\/4"}],"replies":[{"embeddable":true,"href":"https:\/\/www.region-peiner-land.de\/index.php\/wp-json\/wp\/v2\/comments?post=2837"}],"version-history":[{"count":2,"href":"https:\/\/www.region-peiner-land.de\/index.php\/wp-json\/wp\/v2\/pages\/2837\/revisions"}],"predecessor-version":[{"id":2951,"href":"https:\/\/www.region-peiner-land.de\/index.php\/wp-json\/wp\/v2\/pages\/2837\/revisions\/2951"}],"wp:attachment":[{"href":"https:\/\/www.region-peiner-land.de\/index.php\/wp-json\/wp\/v2\/media?parent=2837"}],"curies":[{"name":"wp","href":"https:\/\/api.w.org\/{rel}","templated":true}]}}

<section class="wpb-content-wrapper"><p>[vc_row full_width=&#8221;stretch_row_content_no_spaces&#8221;][vc_column][vc_column_text]<div id="metaslider-id-218" style="width: 100%;" class="ml-slider-3-108-0 metaslider metaslider-flex metaslider-218 ml-slider ms-theme-default nav-hidden" role="region" aria-label="2 Arbeitsfelder" data-height="400" data-width="2200">
    <div id="metaslider_container_218">
        <div id="metaslider_218">
            <ul class='slides'>
                <li style="display: block; width: 100%;" class="slide-1937 ms-image " aria-roledescription="slide" data-date="2018-02-28 10:24:35" data-filename="IlsederHuette2.jpg" data-slide-type="image"><img loading="lazy" decoding="async" src="https://www.region-peiner-land.de/wp-content/uploads/IlsederHuette2.jpg" height="400" width="2200" alt="" class="slider-218 slide-1937 msDefaultImage" /></li>
                <li style="display: none; width: 100%;" class="slide-1938 ms-image " aria-roledescription="slide" data-date="2018-02-28 10:24:36" data-filename="Park-Vechelde_P1040431.jpg" data-slide-type="image"><img loading="lazy" decoding="async" src="https://www.region-peiner-land.de/wp-content/uploads/Park-Vechelde_P1040431.jpg" height="400" width="2200" alt="" class="slider-218 slide-1938 msDefaultImage" /></li>
                <li style="display: none; width: 100%;" class="slide-1939 ms-image " aria-roledescription="slide" data-date="2018-02-28 10:24:36" data-filename="Seilbahnberg-Ausblick-Lengede-8.jpg" data-slide-type="image"><img loading="lazy" decoding="async" src="https://www.region-peiner-land.de/wp-content/uploads/Seilbahnberg-Ausblick-Lengede-8.jpg" height="400" width="2200" alt="" class="slider-218 slide-1939 msDefaultImage" /></li>
                <li style="display: none; width: 100%;" class="slide-1940 ms-image " aria-roledescription="slide" data-date="2018-02-28 10:24:36" data-filename="Windmühle-Wendeburg-2.JPG.jpg" data-slide-type="image"><img loading="lazy" decoding="async" src="https://www.region-peiner-land.de/wp-content/uploads/Windmühle-Wendeburg-2.JPG.jpg" height="400" width="2200" alt="" class="slider-218 slide-1940 msDefaultImage" /></li>
                <li style="display: none; width: 100%;" class="slide-1936 ms-image " aria-roledescription="slide" data-date="2018-02-28 10:24:35" data-filename="Hofanlage-Plockhorst-2.jpg" data-slide-type="image"><img loading="lazy" decoding="async" src="https://www.region-peiner-land.de/wp-content/uploads/Hofanlage-Plockhorst-2.jpg" height="400" width="2200" alt="" class="slider-218 slide-1936 msDefaultImage" /></li>
                <li style="display: none; width: 100%;" class="slide-1935 ms-image " aria-roledescription="slide" data-date="2018-02-28 10:24:35" data-filename="Amthof-Peine-8.JPG.jpg" data-slide-type="image"><img loading="lazy" decoding="async" src="https://www.region-peiner-land.de/wp-content/uploads/Amthof-Peine-8.JPG.jpg" height="400" width="2200" alt="" class="slider-218 slide-1935 msDefaultImage" /></li>
            </ul>
        </div>
        
    </div>
</div>[/vc_column_text][/vc_column][/vc_row][vc_row][vc_column width=&#8221;1/4&#8243;][vc_column_text]</p>
<div class="content-out">
<div class="content-list active-menu-left"><a style="text-decoration: none;" href="http://index.php/peiner-land/">Region Peiner Land</a></div>
</div>
<p>[/vc_column_text][/vc_column][vc_column width=&#8221;3/4&#8243;][vc_raw_js]JTNDZGl2JTIwY2xhc3MlM0QlMjJjb250YWN0LWhlYWRlci1pbmxpbmUtYXJvdW5kJTIyJTNFJTBBJTNDZGl2JTIwY2xhc3MlM0QlMjJjb250YWN0LWhlYWRlci1pbmxpbmUtNSUyMiUzRSUzQ2ElMjBocmVmJTNEJTIyamF2YXNjcmlwdCUzQXdpbmRvdy5wcmludCUyOCUyOSUyMiUzRSUzQ2ltZyUyMHNyYyUzRCUyMmh0dHBzJTNBJTJGJTJGcmVnaW9uLXBlaW5lci1sYW5kLmRlJTJGd3AtY29udGVudCUyRnVwbG9hZHMlMkZwcmludC1idXR0b24tYmx1ZS1lMTUxOTgyMTA3MDg5MS5wbmclMjIlMjBhbHQlM0QlMjJTZWl0ZSUyMGRydWNrZW4lMjIlMjBpZCUzRCUyMnByaW50LWJ1dHRvbiUyMiUyMCUyRiUzRSUzQyUyRmElM0UlM0MlMkZkaXYlM0UlMEElM0MlMkZkaXYlM0U=[/vc_raw_js][vc_column_text css=&#8221;.vc_custom_1671010112528{margin-top: 10px !important;margin-bottom: 45px !important;}&#8221;]</p>
<h1 class="Textzwischenberschrift">Umgestaltung Vorbereich Pfarrhaus in Berkum</h1>
<p class="Text">In der Dorfregion Kanal-Fuhse-Region ist die Idee entstanden, den Vorplatz des Pfarrhauses in Berkum umzugestalten, damit Bewohnerinnen und Bewohner sowie Besuchenden ihn zukünftig als möglichen Aufenthaltsort wahrnehmen und zum Verweilen nutzen. Der Ev.-luth. Kirchengemeindeverband Berkum, Handorf, Rosenthal, Schwicheldt (kurz: BeHaRoSch) plant daher nun, die Grünfläche des Vorplatzes optisch und ökologisch aufzuwerten, Aufenthalts- und Sitzmöglichkeiten zu schaffen und den Bereich, zum Beispiel durch Entfernung des Jägerzaunes, stärker in den öffentlichen Raum einzubinden. Zudem soll der zum Ortsjubiläum gesetzte Findling sichtbar platziert werden. Insgesamt soll so ein offener, freundlicher und einladender Raum geschaffen werden, der als zusätzliche Begegnungsstätte in der Ortschaft dient.</p>
<p>[/vc_column_text][vc_gallery type=&#8221;image_grid&#8221; images=&#8221;2950,2949&#8243; onclick=&#8221;img_link_large&#8221;][vc_column_text]</p>
<h4><b>Projektträger </b></h4>
<p>Ev.-luth. Kirchengemeindeverband BeHaRoSch</p>
<h4><strong>Ansprechpartner<br />
</strong></h4>
<p>Friedhelm Prange[/vc_column_text][vc_column_text]<strong>Gesamtkosten: </strong>ca. 27.700 €<b><br />
Leader-Zuschuss:</b> 16.600 €</p>
<p><b>Umsetzung: </b>2022-2023<br />
<b>Umsetzungsstand: </b>von LAG beschlossen[/vc_column_text][/vc_column][/vc_row][vc_row][vc_column][/vc_column][/vc_row]</p>
</section>

<p>[vc_row full_width=&#8221;stretch_row_content_no_spaces&#8221;][vc_column][vc_column_text][/vc_column_text][/vc_column][/vc_row][vc_row][vc_column width=&#8221;1/4&#8243;][vc_column_text] Region Peiner Land [/vc_column_text][/vc_column][vc_column width=&#8221;3/4&#8243;][vc_raw_js]JTNDZGl2JTIwY2xhc3MlM0QlMjJjb250YWN0LWhlYWRlci1pbmxpbmUtYXJvdW5kJTIyJTNFJTBBJTNDZGl2JTIwY2xhc3MlM0QlMjJjb250YWN0LWhlYWRlci1pbmxpbmUtNSUyMiUzRSUzQ2ElMjBocmVmJTNEJTIyamF2YXNjcmlwdCUzQXdpbmRvdy5wcmludCUyOCUyOSUyMiUzRSUzQ2ltZyUyMHNyYyUzRCUyMmh0dHBzJTNBJTJGJTJGcmVnaW9uLXBlaW5lci1sYW5kLmRlJTJGd3AtY29udGVudCUyRnVwbG9hZHMlMkZwcmludC1idXR0b24tYmx1ZS1lMTUxOTgyMTA3MDg5MS5wbmclMjIlMjBhbHQlM0QlMjJTZWl0ZSUyMGRydWNrZW4lMjIlMjBpZCUzRCUyMnByaW50LWJ1dHRvbiUyMiUyMCUyRiUzRSUzQyUyRmElM0UlM0MlMkZkaXYlM0UlMEElM0MlMkZkaXYlM0U=[/vc_raw_js][vc_column_text css=&#8221;.vc_custom_1671010112528{margin-top: 10px !important;margin-bottom: 45px !important;}&#8221;] Umgestaltung Vorbereich Pfarrhaus in Berkum In der Dorfregion Kanal-Fuhse-Region ist die Idee entstanden, den Vorplatz des Pfarrhauses in Berkum umzugestalten, damit Bewohnerinnen und Bewohner sowie Besuchenden ihn zukünftig als möglichen Aufenthaltsort wahrnehmen und zum Verweilen nutzen. Der Ev.-luth. Kirchengemeindeverband Berkum, Handorf, Rosenthal, [&hellip;]</p>
